{"id":46,"date":"2023-04-18T09:46:16","date_gmt":"2023-04-18T09:46:16","guid":{"rendered":"https:\/\/elcp.fr\/?page_id=46"},"modified":"2023-04-18T12:27:03","modified_gmt":"2023-04-18T12:27:03","slug":"46-2","status":"publish","type":"page","link":"https:\/\/elcp.fr\/index.php\/46-2\/","title":{"rendered":"Nos \u00c9lus"},"content":{"rendered":"\n<p><strong>Les \u00e9lus du conseil d&#8217;administration&nbsp;<\/strong><\/p>\n\n\n\n<hr class=\"wp-block-separator has-alpha-channel-opacity is-style-wide\"\/>\n\n\n\n<div class=\"wp-block-columns is-layout-flex wp-container-core-columns-is-layout-9d6595d7 wp-block-columns-is-layout-flex\">\n<div class=\"wp-block-column is-layout-flow wp-block-column-is-layout-flow\" style=\"flex-basis:50%\">\n<figure class=\"wp-block-image size-full is-resized\"><img loading=\"lazy\" decoding=\"async\" src=\"http:\/\/elcp.fr\/wp-content\/uploads\/2023\/04\/WhatsApp-Image-2023-04-17-at-18.12.34-e1681817072790.jpeg\" alt=\"\" class=\"wp-image-65\" width=\"228\" height=\"228\" srcset=\"https:\/\/elcp.fr\/wp-content\/uploads\/2023\/04\/WhatsApp-Image-2023-04-17-at-18.12.34-e1681817072790.jpeg 764w, https:\/\/elcp.fr\/wp-content\/uploads\/2023\/04\/WhatsApp-Image-2023-04-17-at-18.12.34-e1681817072790-300x300.jpeg 300w, https:\/\/elcp.fr\/wp-content\/uploads\/2023\/04\/WhatsApp-Image-2023-04-17-at-18.12.34-e1681817072790-150x150.jpeg 150w\" sizes=\"auto, (max-width: 228px) 100vw, 228px\" \/><\/figure>\n<\/div>\n\n\n\n<div class=\"wp-block-column is-layout-flow wp-block-column-is-layout-flow\" style=\"flex-basis:50%\">\n<p><strong>Mams Yaffa &#8211; Pr\u00e9sident des ELCP, \u00e9lu municipal<\/strong><\/p>\n\n\n\n<p>Mams est consultant et militant associatif (Fondateur de l\u2019association Esprit d\u2019Eb\u00e8ne). Il est originaire du Mali et et de la Mauritanie. Il m\u00e8ne des combats contre la d\u00e9pigmentation de la peau et le paludisme. Aujourd\u2019hui il est adjoint au Maire \u00e0 paris 18 \u00e8me en charge des sports jeux olympiques et paralympiques<\/p>\n<\/div>\n<\/div>\n\n\n\n<p><\/p>\n\n\n\n<div class=\"wp-block-columns is-layout-flex wp-container-core-columns-is-layout-9d6595d7 wp-block-columns-is-layout-flex\">\n<div class=\"wp-block-column is-layout-flow wp-block-column-is-layout-flow\" style=\"flex-basis:50%\">\n<figure class=\"wp-block-image size-full is-resized\"><img loading=\"lazy\" decoding=\"async\" src=\"https:\/\/elcp.fr\/wp-content\/uploads\/2023\/04\/Jean-Francois.jpeg\" alt=\"\" class=\"wp-image-69\" width=\"228\" height=\"228\" srcset=\"https:\/\/elcp.fr\/wp-content\/uploads\/2023\/04\/Jean-Francois.jpeg 240w, https:\/\/elcp.fr\/wp-content\/uploads\/2023\/04\/Jean-Francois-150x150.jpeg 150w\" sizes=\"auto, (max-width: 228px) 100vw, 228px\" \/><\/figure>\n<\/div>\n\n\n\n<div class=\"wp-block-column is-layout-flow wp-block-column-is-layout-flow\" style=\"flex-basis:50%\">\n<p><strong>Jean Fran\u00e7ois Mbaye &#8211; Vice-Pr\u00e9sident des ELCPs, ancien d\u00e9put\u00e9<\/strong><\/p>\n\n\n\n<p>Jean Fran\u00e7ois Mbaye est membre du Partenariat Fran\u00e7ais pour l\u2019Eau et du r\u00e9seau UNITE WC EUROPE. Il est sp\u00e9cialiste de la sant\u00e9 mondiale, de l\u2019aide publique au d\u00e9veloppement et de la diplomatie environnementale. Titulaire d\u2019un 3 \u00e8me cycle en droit m\u00e9dical, m\u00e9dico-social, il est n\u00e9 au S\u00e9n\u00e9gal. Il a \u00e9t\u00e9 d\u00e9put\u00e9 du Parlement fran\u00e7ais de 2017 \u00e0 2022, rapporteur de la Commission des Affaires \u00e9trang\u00e8res \u00e0 trois reprises, examinant des projets de loi de finances et co-auteur d\u2019un rapport sur le respect du droit international humanitaire dans les zones de conflit arm\u00e9. Il est par ailleurs charg\u00e9 d\u2019enseignement en droit de la bio\u00e9thique \u00e0 l\u2019universit\u00e9 Paris VIII, en Master II.<\/p>\n<\/div>\n<\/div>\n\n\n\n<p><\/p>\n\n\n\n<div class=\"wp-block-columns is-layout-flex wp-container-core-columns-is-layout-9d6595d7 wp-block-columns-is-layout-flex\">\n<div class=\"wp-block-column is-layout-flow wp-block-column-is-layout-flow\" style=\"flex-basis:50%\">\n<figure class=\"wp-block-image size-medium is-resized\"><img loading=\"lazy\" decoding=\"async\" src=\"https:\/\/elcp.fr\/wp-content\/uploads\/2023\/04\/Dawari-300x300.jpg\" alt=\"\" class=\"wp-image-70\" width=\"228\" height=\"228\" srcset=\"https:\/\/elcp.fr\/wp-content\/uploads\/2023\/04\/Dawari-300x300.jpg 300w, https:\/\/elcp.fr\/wp-content\/uploads\/2023\/04\/Dawari-1020x1024.jpg 1020w, https:\/\/elcp.fr\/wp-content\/uploads\/2023\/04\/Dawari-150x150.jpg 150w, https:\/\/elcp.fr\/wp-content\/uploads\/2023\/04\/Dawari-768x771.jpg 768w, https:\/\/elcp.fr\/wp-content\/uploads\/2023\/04\/Dawari.jpg 1080w\" sizes=\"auto, (max-width: 228px) 100vw, 228px\" \/><\/figure>\n<\/div>\n\n\n\n<div class=\"wp-block-column is-layout-flow wp-block-column-is-layout-flow\" style=\"flex-basis:50%\">\n<p><strong>Dawari Horsfall &#8211; Vice-Pr\u00e9sident des ELCP, \u00e9lu municipal<\/strong><\/p>\n\n\n\n<p>Ing\u00e9nieur en am\u00e9nagement et d\u00e9veloppement du territoire, Dawari est n\u00e9 au Nig\u00e9ria. Acteur associatif depuis de nombreuses ann\u00e9es, il est \u00e9galement conseiller municipal \u00e0 Massy depuis 2014.<\/p>\n<\/div>\n<\/div>\n\n\n\n<p><\/p>\n\n\n\n<div class=\"wp-block-columns is-layout-flex wp-container-core-columns-is-layout-9d6595d7 wp-block-columns-is-layout-flex\">\n<div class=\"wp-block-column is-layout-flow wp-block-column-is-layout-flow\" style=\"flex-basis:50%\">\n<figure class=\"wp-block-image size-full is-resized\"><img loading=\"lazy\" decoding=\"async\" src=\"http:\/\/elcp.fr\/wp-content\/uploads\/2023\/04\/aminata-goita-fofana-e1681816976120.jpg\" alt=\"\" class=\"wp-image-71\" width=\"228\" height=\"228\"\/><\/figure>\n<\/div>\n\n\n\n<div class=\"wp-block-column is-layout-flow wp-block-column-is-layout-flow\" style=\"flex-basis:50%\">\n<p><strong>Aminata Go\u00efta Fofana &#8211; Vice-Pr\u00e9sidente des ELCP, \u00e9lue municipale<\/strong><\/p>\n\n\n\n<p>M\u00e9decin de formation au Mali, elle exerce comme infirmi\u00e8re en France. Pr\u00e9sidente de l&#8217;association CFID (Collectif des femmes pour l&#8217;int\u00e9gration et le d\u00e9veloppement), Aminata a cr\u00e9\u00e9 une \u00e9cole d&#8217;infirmi\u00e8re \u00e0 Markala, au Mali pour l&#8217;acc\u00e8s au soins de sant\u00e9 primaire. Elle est \u00e9galement conseillere municipale \u00e0 Alfortville.<\/p>\n<\/div>\n<\/div>\n\n\n\n<p>&nbsp;<\/p>\n\n\n\n<div class=\"wp-block-columns is-layout-flex wp-container-core-columns-is-layout-9d6595d7 wp-block-columns-is-layout-flex\">\n<div class=\"wp-block-column is-layout-flow wp-block-column-is-layout-flow\" style=\"flex-basis:50%\">\n<figure class=\"wp-block-image size-large is-resized\"><img loading=\"lazy\" decoding=\"async\" src=\"http:\/\/elcp.fr\/wp-content\/uploads\/2023\/04\/Aminata-e1681819907594-1024x1024.jpeg\" alt=\"\" class=\"wp-image-125\" width=\"228\" height=\"228\" srcset=\"https:\/\/elcp.fr\/wp-content\/uploads\/2023\/04\/Aminata-e1681819907594-1024x1024.jpeg 1024w, https:\/\/elcp.fr\/wp-content\/uploads\/2023\/04\/Aminata-e1681819907594-300x300.jpeg 300w, https:\/\/elcp.fr\/wp-content\/uploads\/2023\/04\/Aminata-e1681819907594-150x150.jpeg 150w, https:\/\/elcp.fr\/wp-content\/uploads\/2023\/04\/Aminata-e1681819907594-768x768.jpeg 768w, https:\/\/elcp.fr\/wp-content\/uploads\/2023\/04\/Aminata-e1681819907594.jpeg 1033w\" sizes=\"auto, (max-width: 228px) 100vw, 228px\" \/><\/figure>\n<\/div>\n\n\n\n<div class=\"wp-block-column is-layout-flow wp-block-column-is-layout-flow\" style=\"flex-basis:50%\">\n<p><strong>Aminata Coulibaly &#8211; Secr\u00e9taire g\u00e9n\u00e9rale des ELCP, attach\u00e9e parlementaire<\/strong><\/p>\n\n\n\n<p>Dipl\u00f4m\u00e9e du Master publiques de l\u2019IEP de Paris, Aminata travaille \u00e0 l\u2019Assembl\u00e9e nationale apr\u00e8s plusieurs exp\u00e9riences en minist\u00e8res notamment.<br>Elle est engag\u00e9e aupr\u00e8s de plusieurs structures associatives concernant l\u2019Afrique, l\u2019\u00e9galit\u00e9 des chances et l\u2019\u00e9galit\u00e9 femme-homme.&nbsp;<\/p>\n<\/div>\n<\/div>\n\n\n\n<p><\/p>\n\n\n\n<div class=\"wp-block-columns is-layout-flex wp-container-core-columns-is-layout-9d6595d7 wp-block-columns-is-layout-flex\">\n<div class=\"wp-block-column is-layout-flow wp-block-column-is-layout-flow\" style=\"flex-basis:50%\">\n<figure class=\"wp-block-image size-full is-resized\"><img loading=\"lazy\" decoding=\"async\" src=\"http:\/\/elcp.fr\/wp-content\/uploads\/2023\/04\/Fatoumata-e1681816009664.jpeg\" alt=\"\" class=\"wp-image-76\" width=\"228\" height=\"228\" srcset=\"https:\/\/elcp.fr\/wp-content\/uploads\/2023\/04\/Fatoumata-e1681816009664.jpeg 178w, https:\/\/elcp.fr\/wp-content\/uploads\/2023\/04\/Fatoumata-e1681816009664-150x150.jpeg 150w\" sizes=\"auto, (max-width: 228px) 100vw, 228px\" \/><\/figure>\n<\/div>\n\n\n\n<div class=\"wp-block-column is-layout-flow wp-block-column-is-layout-flow\" style=\"flex-basis:50%\">\n<p><strong>Fatoumata Ko\u00efta &#8211; Secr\u00e9taire adjointe des ELCP, \u00e9lue municipale<\/strong><\/p>\n\n\n\n<p>Fatoumata est \u00e9lue depuis 2008 \u00e0 la ville d&#8217;Evry-Courcouronnes en tant que conseill\u00e8re municipale et maire adjointe. Elle a \u00e9t\u00e9 conseill\u00e8re d\u00e9partementale de l&#8217;Essonne de 2015 \u00e0 2021. Elle est conseill\u00e8re principale d\u2019\u00e9ducation dans l\u2019\u00e9ducation nationale, actuellement en cong\u00e9 parental.<\/p>\n<\/div>\n<\/div>\n\n\n\n<p>&nbsp;<\/p>\n\n\n\n<div class=\"wp-block-columns is-layout-flex wp-container-core-columns-is-layout-9d6595d7 wp-block-columns-is-layout-flex\">\n<div class=\"wp-block-column is-layout-flow wp-block-column-is-layout-flow\" style=\"flex-basis:50%\">\n<figure class=\"wp-block-image size-full is-resized\"><img loading=\"lazy\" decoding=\"async\" src=\"http:\/\/elcp.fr\/wp-content\/uploads\/2023\/04\/bamadi.jpeg\" alt=\"\" class=\"wp-image-126\" width=\"228\" height=\"228\"\/><\/figure>\n<\/div>\n\n\n\n<div class=\"wp-block-column is-layout-flow wp-block-column-is-layout-flow\" style=\"flex-basis:50%\">\n<p><strong>Bamadi Sanokho &#8211; Tr\u00e9sorier des ELCP, ancien \u00e9lu municipal<\/strong><\/p>\n\n\n\n<p>Bamadi Sanokho est actuellement consultant au sein du bureau d\u2019\u00e9tudes Red Mangrove. Il travaille plus sp\u00e9cifiquement sur les questions de migration et d\u2019engagement des diasporas. Il a \u00e9t\u00e9 \u00e9lu de nombreuses ann\u00e9es (2001 &#8211; 2020) \u00e0 la ville de Gentilly en tant que maire adjoint et notamment sur les questions de coop\u00e9ration d\u00e9centralis\u00e9e. Parall\u00e8lement \u00e0 son engagement en tant qu\u2019\u00e9lu, il a travaill\u00e9 dans une collectivit\u00e9 d\u00e9partementale en tant que charg\u00e9 de projets au Service Relations Internationales en charge d\u2019un projet de coop\u00e9ration d\u00e9centralis\u00e9e et de la coordination d\u2019un dispositif de soutien aux projets de solidarit\u00e9 internationale des associations. Il accompagne actuellement des projets de mobilisation des diasporas avec diff\u00e9rents pays.<\/p>\n<\/div>\n<\/div>\n\n\n\n<p><\/p>\n\n\n\n<div class=\"wp-block-columns is-layout-flex wp-container-core-columns-is-layout-9d6595d7 wp-block-columns-is-layout-flex\">\n<div class=\"wp-block-column is-layout-flow wp-block-column-is-layout-flow\" style=\"flex-basis:50%\">\n<figure class=\"wp-block-image size-large is-resized\"><img loading=\"lazy\" decoding=\"async\" src=\"http:\/\/elcp.fr\/wp-content\/uploads\/2023\/04\/Therese-scaled-e1681815972633-1024x1024.jpeg\" alt=\"\" class=\"wp-image-80\" width=\"228\" height=\"228\" srcset=\"https:\/\/elcp.fr\/wp-content\/uploads\/2023\/04\/Therese-scaled-e1681815972633-1024x1024.jpeg 1024w, https:\/\/elcp.fr\/wp-content\/uploads\/2023\/04\/Therese-scaled-e1681815972633-300x300.jpeg 300w, https:\/\/elcp.fr\/wp-content\/uploads\/2023\/04\/Therese-scaled-e1681815972633-150x150.jpeg 150w, https:\/\/elcp.fr\/wp-content\/uploads\/2023\/04\/Therese-scaled-e1681815972633-768x768.jpeg 768w, https:\/\/elcp.fr\/wp-content\/uploads\/2023\/04\/Therese-scaled-e1681815972633-1536x1536.jpeg 1536w, https:\/\/elcp.fr\/wp-content\/uploads\/2023\/04\/Therese-scaled-e1681815972633.jpeg 1920w\" sizes=\"auto, (max-width: 228px) 100vw, 228px\" \/><\/figure>\n<\/div>\n\n\n\n<div class=\"wp-block-column is-layout-flow wp-block-column-is-layout-flow\" style=\"flex-basis:50%\">\n<p><strong>Th\u00e9r\u00e8se Ngimbous Batj\u00f4m &#8211; Tr\u00e9sori\u00e8re adjointe des ELCP, \u00e9lue municipale<\/strong><\/p>\n\n\n\n<p>Th\u00e9r\u00e8se est adjointe au maire en charge de la vie associative, contrat de ville et centres sociaux \u00e0 la ville de Nanterre et conseill\u00e8re territoriale et m\u00e9tropolitaine. Il s\u2019agit de son deuxi\u00e8me mandat. Elle a cr\u00e9\u00e9 une association pour venir en aide les femmes victimes de violence conjugale dans son quartier et \u00e9t\u00e9 pr\u00e9sidente pendant plusieurs ann\u00e9es d&#8217;une association qui soutient les orph\u00e9lins au Cameroun dont les parents sont morts du Sida.<\/p>\n<\/div>\n<\/div>\n\n\n\n<p><\/p>\n\n\n\n<div class=\"wp-block-columns is-layout-flex wp-container-core-columns-is-layout-9d6595d7 wp-block-columns-is-layout-flex\">\n<div class=\"wp-block-column is-layout-flow wp-block-column-is-layout-flow\" style=\"flex-basis:50%\">\n<figure class=\"wp-block-image size-full is-resized\"><img loading=\"lazy\" decoding=\"async\" src=\"http:\/\/elcp.fr\/wp-content\/uploads\/2023\/04\/Dieynaba-e1681815940401.png\" alt=\"\" class=\"wp-image-84\" width=\"228\" height=\"228\" srcset=\"https:\/\/elcp.fr\/wp-content\/uploads\/2023\/04\/Dieynaba-e1681815940401.png 335w, https:\/\/elcp.fr\/wp-content\/uploads\/2023\/04\/Dieynaba-e1681815940401-300x300.png 300w, https:\/\/elcp.fr\/wp-content\/uploads\/2023\/04\/Dieynaba-e1681815940401-150x150.png 150w\" sizes=\"auto, (max-width: 228px) 100vw, 228px\" \/><\/figure>\n<\/div>\n\n\n\n<div class=\"wp-block-column is-layout-flow wp-block-column-is-layout-flow\" style=\"flex-basis:50%\">\n<p><strong>Dieynaba Sy &#8211; Membre du conseil d\u2019administration, \u00e9lue municipale<\/strong><\/p>\n\n\n\n<p>Dieynaba est une jeune \u00e9lue en tant que conseill\u00e8re municipale \u00e0 Noisy-le-Sec. Originaire de la Mauritanie, elle est tr\u00e8s sensible \u00e0 la cause du paludisme car cette maladie touche beaucoup les membres de la diaspora lors de leurs s\u00e9jours au pays.&nbsp;<\/p>\n<\/div>\n<\/div>\n\n\n\n<p><\/p>\n\n\n\n<div class=\"wp-block-columns is-layout-flex wp-container-core-columns-is-layout-9d6595d7 wp-block-columns-is-layout-flex\">\n<div class=\"wp-block-column is-layout-flow wp-block-column-is-layout-flow\" style=\"flex-basis:50%\">\n<figure class=\"wp-block-image size-full is-resized\"><img loading=\"lazy\" decoding=\"async\" src=\"https:\/\/elcp.fr\/wp-content\/uploads\/2023\/04\/Jimmy-2.jpeg\" alt=\"\" class=\"wp-image-85\" width=\"228\" height=\"228\"\/><\/figure>\n<\/div>\n\n\n\n<div class=\"wp-block-column is-layout-flow wp-block-column-is-layout-flow\" style=\"flex-basis:50%\">\n<p><strong>Jimmy Berth\u00e9 &#8211; Membre du conseil d\u2019administration, \u00e9lu municipal<\/strong><\/p>\n\n\n\n<p>Justiste de formation, Jimmy est adjoint au maire de Paris Centre, en charge de la jeunesse et de la vie \u00e9tudiante, de l\u2019animation locale, des m\u00e9tiers de la mode et des cr\u00e9ateurs. Il est \u00e9galement r\u00e9f\u00e9rent aux conseils de quartier. Il travail \u00e9galement a l\u2019Institut fran\u00e7ais de Paris et est en charge du programme Acces Culture. Il est titulaire d\u2019un master en Droit de l&#8217;Innovation de La Culture et de la Communication.<\/p>\n<\/div>\n<\/div>\n\n\n\n<p><\/p>\n","protected":false},"excerpt":{"rendered":"<p>Les \u00e9lus du conseil d&#8217;administration&nbsp; Mams Yaffa &#8211; Pr\u00e9sident des ELCP, \u00e9lu municipal Mams est consultant et militant associatif (Fondateur de l\u2019association Esprit d\u2019Eb\u00e8ne). Il est originaire du Mali et et de la Mauritanie. Il m\u00e8ne des combats contre la d\u00e9pigmentation de la peau et le paludisme. Aujourd\u2019hui il est adjoint au Maire \u00e0 paris &hellip; <\/p>\n<p class=\"link-more\"><a href=\"https:\/\/elcp.fr\/index.php\/46-2\/\" class=\"more-link\">Read more<span class=\"screen-reader-text\"> &#8220;Nos \u00c9lus&#8221;<\/span><\/a><\/p>\n","protected":false},"author":1,"featured_media":0,"parent":0,"menu_order":0,"comment_status":"closed","ping_status":"closed","template":"","meta":{"footnotes":""},"class_list":["post-46","page","type-page","status-publish","hentry"],"_links":{"self":[{"href":"https:\/\/elcp.fr\/index.php\/wp-json\/wp\/v2\/pages\/46","targetHints":{"allow":["GET"]}}],"collection":[{"href":"https:\/\/elcp.fr\/index.php\/wp-json\/wp\/v2\/pages"}],"about":[{"href":"https:\/\/elcp.fr\/index.php\/wp-json\/wp\/v2\/types\/page"}],"author":[{"embeddable":true,"href":"https:\/\/elcp.fr\/index.php\/wp-json\/wp\/v2\/users\/1"}],"replies":[{"embeddable":true,"href":"https:\/\/elcp.fr\/index.php\/wp-json\/wp\/v2\/comments?post=46"}],"version-history":[{"count":23,"href":"https:\/\/elcp.fr\/index.php\/wp-json\/wp\/v2\/pages\/46\/revisions"}],"predecessor-version":[{"id":136,"href":"https:\/\/elcp.fr\/index.php\/wp-json\/wp\/v2\/pages\/46\/revisions\/136"}],"wp:attachment":[{"href":"https:\/\/elcp.fr\/index.php\/wp-json\/wp\/v2\/media?parent=46"}],"curies":[{"name":"wp","href":"https:\/\/api.w.org\/{rel}","templated":true}]}}