{"id":322,"date":"2024-01-19T18:59:43","date_gmt":"2024-01-19T18:59:43","guid":{"rendered":"https:\/\/elcp.fr\/?page_id=322"},"modified":"2024-01-19T18:59:43","modified_gmt":"2024-01-19T18:59:43","slug":"ateliers-thematiques-sur-le-paludisme","status":"publish","type":"page","link":"https:\/\/elcp.fr\/index.php\/ateliers-thematiques-sur-le-paludisme\/","title":{"rendered":"Ateliers th\u00e9matiques sur le paludisme"},"content":{"rendered":"\n<p><strong>Ateliers th\u00e9matiques sur le paludisme<\/strong><\/p>\n\n\n\n<hr class=\"wp-block-separator has-alpha-channel-opacity is-style-wide\"\/>\n\n\n\n<p>Les ELCP organisent une s\u00e9rie d\u2019ateliers th\u00e9matiques sur le paludisme afin d\u2019apporter des informations de qualit\u00e9 aux \u00e9lus pour baser leur plaidoyer sur les derni\u00e8res analyses et preuves scientifiques, mais aussi pour susciter des discussions sur l\u2019\u00e9volution de la lutte contre le paludisme.&nbsp;<\/p>\n\n\n\n<p>Ces ateliers sont organis\u00e9s en ligne afin de faciliter la participation des \u00e9lus, en plus de leur charge de travail habituelle<\/p>\n\n\n\n<p>Deux ateliers ont d\u00e9j\u00e0 \u00e9t\u00e9 r\u00e9alis\u00e9s:&nbsp;<\/p>\n\n\n\n<ul class=\"wp-block-list\">\n<li>un premier sur la <strong>transmission du paludisme avec la Prof. Sandrine Houz\u00e9, coordinatrice du Centre National de R\u00e9f\u00e9rence sur le Paludisme<\/strong><\/li>\n\n\n\n<li>Un deuxi\u00e8me sur <strong>les moustiques vecteur du paludisme, organis\u00e9 en partenariat avec l\u2019<a href=\"https:\/\/www.pamca.org\/\">Association Pan Africaine de Contr\u00f4le des Moustiques<\/a> (PAMCA), lors de laquelle le Dr.Mohamed Moumine Traor\u00e9 et le Dr.El Hadji Amadou Niang sont intervenus<\/strong><\/li>\n<\/ul>\n\n\n\n<p>Ces deux ateliers ont donn\u00e9 lieu \u00e0 de riches discussions apr\u00e8s les pr\u00e9sentations scientifiques des experts.<\/p>\n\n\n\n<p>Deux autres ateliers sont programm\u00e9s pour la premi\u00e8re partie de 2024 et porteront sur la prise en charge des cas de paludisme, et les outils d\u2019action des \u00e9lus fran\u00e7ais dans la lutte contre le paludisme.<\/p>\n","protected":false},"excerpt":{"rendered":"<p>Ateliers th\u00e9matiques sur le paludisme Les ELCP organisent une s\u00e9rie d\u2019ateliers th\u00e9matiques sur le paludisme afin d\u2019apporter des informations de qualit\u00e9 aux \u00e9lus pour baser leur plaidoyer sur les derni\u00e8res analyses et preuves scientifiques, mais aussi pour susciter des discussions sur l\u2019\u00e9volution de la lutte contre le paludisme.&nbsp; Ces ateliers sont organis\u00e9s en ligne afin &hellip; <\/p>\n<p class=\"link-more\"><a href=\"https:\/\/elcp.fr\/index.php\/ateliers-thematiques-sur-le-paludisme\/\" class=\"more-link\">Read more<span class=\"screen-reader-text\"> &#8220;Ateliers th\u00e9matiques sur le paludisme&#8221;<\/span><\/a><\/p>\n","protected":false},"author":2,"featured_media":0,"parent":0,"menu_order":0,"comment_status":"closed","ping_status":"closed","template":"","meta":{"footnotes":""},"class_list":["post-322","page","type-page","status-publish","hentry"],"_links":{"self":[{"href":"https:\/\/elcp.fr\/index.php\/wp-json\/wp\/v2\/pages\/322","targetHints":{"allow":["GET"]}}],"collection":[{"href":"https:\/\/elcp.fr\/index.php\/wp-json\/wp\/v2\/pages"}],"about":[{"href":"https:\/\/elcp.fr\/index.php\/wp-json\/wp\/v2\/types\/page"}],"author":[{"embeddable":true,"href":"https:\/\/elcp.fr\/index.php\/wp-json\/wp\/v2\/users\/2"}],"replies":[{"embeddable":true,"href":"https:\/\/elcp.fr\/index.php\/wp-json\/wp\/v2\/comments?post=322"}],"version-history":[{"count":1,"href":"https:\/\/elcp.fr\/index.php\/wp-json\/wp\/v2\/pages\/322\/revisions"}],"predecessor-version":[{"id":323,"href":"https:\/\/elcp.fr\/index.php\/wp-json\/wp\/v2\/pages\/322\/revisions\/323"}],"wp:attachment":[{"href":"https:\/\/elcp.fr\/index.php\/wp-json\/wp\/v2\/media?parent=322"}],"curies":[{"name":"wp","href":"https:\/\/api.w.org\/{rel}","templated":true}]}}