{"id":22,"date":"2023-04-18T09:29:23","date_gmt":"2023-04-18T09:29:23","guid":{"rendered":"https:\/\/elcp.fr\/?page_id=22"},"modified":"2023-04-18T12:02:43","modified_gmt":"2023-04-18T12:02:43","slug":"notre-mission","status":"publish","type":"page","link":"https:\/\/elcp.fr\/","title":{"rendered":"Notre Mission"},"content":{"rendered":"\n<p><strong>Notre Mission<\/strong><\/p>\n\n\n\n<hr class=\"wp-block-separator has-alpha-channel-opacity is-style-wide\"\/>\n\n\n\n<p>L\u2019association des \u00c9lus Locaux Contre le Paludisme (ELCP) est une association \u00e0 but non lucratif et non partisane dont l\u2019id\u00e9e a \u00e9merg\u00e9 en septembre 2022 et qui a \u00e9t\u00e9 enregistr\u00e9e en avril 2023 aupr\u00e8s de la Pr\u00e9fecture de Paris.<\/p>\n\n\n\n<p><strong>Contexte<\/strong><\/p>\n\n\n\n<p>La cr\u00e9ation des ELCP se fait dans un contexte o\u00f9 la r\u00e9alisation de l\u2019objectif mondial de mettre fin au paludisme d\u2019ici \u00e0 2030 semble s\u2019\u00e9loigner. En effet, apr\u00e8s deux d\u00e9cennies de baisse du nombre de cas de paludisme et du nombre de morts dus \u00e0 cette maladie, ces progr\u00e8s ont d\u2019abord commenc\u00e9 \u00e0 stagner puis ont connu des revers. En 2021, 619 000 personnes ont \u00e9t\u00e9 tu\u00e9es par le paludisme dont 95% en Afrique avec une majorit\u00e9 d&#8217;enfants de moins de 5 ans.<\/p>\n\n\n\n<p>Ces revers, notamment caus\u00e9s par l\u2019impact de la pand\u00e9mie de Covid sur la mise en \u0153uvre des programmes de lutte contre le paludisme sont aussi le r\u00e9sultat de menaces croissantes. La r\u00e9sistance des moustiques aux insecticides, la r\u00e9sistance du parasite aux traitements existants, l\u2019invasion du continent africain par une nouvelle esp\u00e8ce de moustiques vecteurs du paludisme (Anopheles stephensi), les conflits affectant les populations les plus vuln\u00e9rables, le changement climatique affectant la pr\u00e9sence des moustiques ainsi que la capacit\u00e9 \u00e0 mettre en \u0153uvre les campagnes, et enfin l\u2019absence de ressources financi\u00e8res suffisante pour faire face \u00e0 ces d\u00e9fis, sont autant de sources d\u2019inqui\u00e9tude.&nbsp;<\/p>\n\n\n\n<p><strong>Historique<\/strong><\/p>\n\n\n\n<p>L\u2019id\u00e9e de l\u2019association est n\u00e9e lors d\u2019un \u00e9v\u00e9nement organis\u00e9 en septembre 2022 intitul\u00e9 \u00ab&nbsp;Z\u00e9ro Palu&nbsp;: les diasporas s\u2019engagent&nbsp;\u00bb. Cet \u00e9v\u00e9nement de mobilisation se tenait dans le cadre de la campagne pour la reconstitution des ressources du Fonds mondial de lutte contre le Sida, la tuberculose et le paludisme.&nbsp;<\/p>\n\n\n\n<p>\u00c0 cette occasion de nombreuses voix d\u2019\u00e9lu.e.s, d\u2019associations des diasporas africaines, d\u2019athl\u00e8tes et d\u2019artistes se sont unies pour demander un investissement massif afin de pouvoir mettre fin au paludisme. Cette mobilisation a cr\u00e9\u00e9 une envie parmi les \u00e9lus d\u2019aller plus loin, et le t\u00e9moignage du pr\u00e9sident des \u00c9lus Locaux Contre le Sida (M. Romero-Michel) a donn\u00e9 un exemple de la forme qu\u2019une telle association pourrait prendre.<br><br>Dans les mois qui ont suivi, un petit groupe d\u2019\u00e9lu.e.s et ancien.ne.s \u00e9lu.e.s a travaill\u00e9 \u00e0 la cr\u00e9ation d\u2019ELCP. Ces \u00e9lu.e.s sont en majorit\u00e9 issu.e.s des diasporas d\u2019Afrique sub-saharienne et sont majoritairement \u00e9lu.e.s de collectivit\u00e9s territoriales.&nbsp;<\/p>\n\n\n\n<p><strong>Vision<\/strong><\/p>\n\n\n\n<p>La vision des \u00c9lus Locaux Contre le Paludisme est celle d\u2019un monde lib\u00e9r\u00e9 du paludisme o\u00f9 les communaut\u00e9s peuvent prosp\u00e9rer sans craindre d\u2019\u00eatre affect\u00e9es par ce fl\u00e9au.&nbsp;<\/p>\n\n\n\n<p><strong>Mission<\/strong><\/p>\n\n\n\n<p>L\u2019association a pour but de soutenir la lutte contre le paludisme. Elle soutient les \u00e9lu.e.s fran\u00e7ais.e.s et autres parties prenantes qui souhaitent s\u2019investir dans la lutte contre le paludisme, via la sensibilisation, la pr\u00e9vention, la promotion de la recherche et du d\u00e9veloppement de nouveaux outils de lutte, le soutien aux personnes atteintes par le paludisme et\/ou \u00e0 leurs proches, le financement de la lutte contre le paludisme.&nbsp;<\/p>\n\n\n\n<p>ELCP entend sensibiliser les autorit\u00e9s fran\u00e7aises \u00e0 commencer par les collectivit\u00e9s locales sur les enjeux de la lutte contre le paludisme, via les actions de solidarit\u00e9 et de coop\u00e9ration (notamment coop\u00e9ration d\u00e9centralis\u00e9e). L\u2019association m\u00e8ne un travail de plaidoyer mais aussi de sensibilisation des populations r\u00e9sidant en France et \u00e0 risque d\u2019\u00eatre infect\u00e9es par le paludisme (notamment les populations issues des diasporas africaines). Elle collabore avec les partenaires de la lutte contre le paludisme, organismes de mise en \u0153uvre, de plaidoyer, de recherche et d\u00e9veloppement ainsi que le secteur priv\u00e9 afin de mettre en \u0153uvre ses objectifs.&nbsp;<\/p>\n\n\n\n<p><strong>Valeurs<\/strong><\/p>\n\n\n\n<p><strong>Inclusive&nbsp;:&nbsp;<\/strong>notre association promeut l\u2019inclusivit\u00e9 de tou.te.s dans la lutte contre le paludisme afin que chacun et chacune trouve sa place dans ce combat pour mettre fin \u00e0 une maladie qui touche en priorit\u00e9 les plus vuln\u00e9rables et les exclu.e.s.<\/p>\n\n\n\n<p><strong>Non-partisane&nbsp;:<\/strong>&nbsp;notre association est non partisane et de ce fait regroupe des \u00e9lu.e.s de tous bords politiques, reconnaissant l\u2019importance d\u2019unir les forces pour mettre fin \u00e0 cette maladie mill\u00e9naire.&nbsp;<\/p>\n\n\n\n<p><strong>Transparence&nbsp;:&nbsp;<\/strong>notre association s\u2019engage \u00e0 la transparence sur sa gestion et ses sources de financement afin de rendre des comptes \u00e0 ses adh\u00e9rent.e.s et au public et d\u2019assurer la confiance n\u00e9cessaire \u00e0 sa mission<\/p>\n\n\n\n<p><strong>Partenariat&nbsp;:&nbsp;<\/strong>notre association travaille avec des partenaires avec qui la collaboration se fait sur la base de la confiance, du respect des engagements, du dialogue et des valeurs des ELCPs.<\/p>\n\n\n\n<figure class=\"wp-block-image size-large\"><img loading=\"lazy\" decoding=\"async\" width=\"1024\" height=\"683\" src=\"https:\/\/elcp.fr\/wp-content\/uploads\/2023\/04\/Dala_dis038-1024x683.jpg\" alt=\"\" class=\"wp-image-27\" srcset=\"https:\/\/elcp.fr\/wp-content\/uploads\/2023\/04\/Dala_dis038-1024x683.jpg 1024w, https:\/\/elcp.fr\/wp-content\/uploads\/2023\/04\/Dala_dis038-300x200.jpg 300w, https:\/\/elcp.fr\/wp-content\/uploads\/2023\/04\/Dala_dis038-768x512.jpg 768w, https:\/\/elcp.fr\/wp-content\/uploads\/2023\/04\/Dala_dis038.jpg 1200w\" sizes=\"auto, (max-width: 1024px) 100vw, 1024px\" \/><figcaption class=\"wp-element-caption\">Distribution de moustiquaires au Nigeria<br><strong>\u00a9<\/strong>\u00a0The Global Fund\/Andrew Esiebo\/Panos<\/figcaption><\/figure>\n","protected":false},"excerpt":{"rendered":"<p>Notre Mission L\u2019association des \u00c9lus Locaux Contre le Paludisme (ELCP) est une association \u00e0 but non lucratif et non partisane dont l\u2019id\u00e9e a \u00e9merg\u00e9 en septembre 2022 et qui a \u00e9t\u00e9 enregistr\u00e9e en avril 2023 aupr\u00e8s de la Pr\u00e9fecture de Paris. Contexte La cr\u00e9ation des ELCP se fait dans un contexte o\u00f9 la r\u00e9alisation de &hellip; <\/p>\n<p class=\"link-more\"><a href=\"https:\/\/elcp.fr\/\" class=\"more-link\">Read more<span class=\"screen-reader-text\"> &#8220;Notre Mission&#8221;<\/span><\/a><\/p>\n","protected":false},"author":1,"featured_media":0,"parent":0,"menu_order":0,"comment_status":"closed","ping_status":"closed","template":"","meta":{"footnotes":""},"class_list":["post-22","page","type-page","status-publish","hentry"],"_links":{"self":[{"href":"https:\/\/elcp.fr\/index.php\/wp-json\/wp\/v2\/pages\/22","targetHints":{"allow":["GET"]}}],"collection":[{"href":"https:\/\/elcp.fr\/index.php\/wp-json\/wp\/v2\/pages"}],"about":[{"href":"https:\/\/elcp.fr\/index.php\/wp-json\/wp\/v2\/types\/page"}],"author":[{"embeddable":true,"href":"https:\/\/elcp.fr\/index.php\/wp-json\/wp\/v2\/users\/1"}],"replies":[{"embeddable":true,"href":"https:\/\/elcp.fr\/index.php\/wp-json\/wp\/v2\/comments?post=22"}],"version-history":[{"count":7,"href":"https:\/\/elcp.fr\/index.php\/wp-json\/wp\/v2\/pages\/22\/revisions"}],"predecessor-version":[{"id":121,"href":"https:\/\/elcp.fr\/index.php\/wp-json\/wp\/v2\/pages\/22\/revisions\/121"}],"wp:attachment":[{"href":"https:\/\/elcp.fr\/index.php\/wp-json\/wp\/v2\/media?parent=22"}],"curies":[{"name":"wp","href":"https:\/\/api.w.org\/{rel}","templated":true}]}}