{"id":208,"date":"2023-05-09T11:34:35","date_gmt":"2023-05-09T11:34:35","guid":{"rendered":"https:\/\/elcp.fr\/?page_id=208"},"modified":"2024-01-19T21:01:56","modified_gmt":"2024-01-19T21:01:56","slug":"exposition-zero-palu-le-street-art-sengage","status":"publish","type":"page","link":"https:\/\/elcp.fr\/index.php\/exposition-zero-palu-le-street-art-sengage\/","title":{"rendered":"Exposition &#8211; Z\u00e9ro palu : le street art s&#8217;engage"},"content":{"rendered":"\n<hr class=\"wp-block-separator has-alpha-channel-opacity is-style-wide\"\/>\n\n\n\n<div class=\"wp-block-cover is-light\"><span aria-hidden=\"true\" class=\"wp-block-cover__background has-background-dim\"><\/span><img loading=\"lazy\" decoding=\"async\" width=\"1024\" height=\"683\" class=\"wp-block-cover__image-background wp-image-221\" alt=\"\" src=\"http:\/\/elcp.fr\/wp-content\/uploads\/2023\/05\/DSCF2608-1024x683.jpeg\" data-object-fit=\"cover\" srcset=\"https:\/\/elcp.fr\/wp-content\/uploads\/2023\/05\/DSCF2608-1024x683.jpeg 1024w, https:\/\/elcp.fr\/wp-content\/uploads\/2023\/05\/DSCF2608-300x200.jpeg 300w, https:\/\/elcp.fr\/wp-content\/uploads\/2023\/05\/DSCF2608-768x512.jpeg 768w, https:\/\/elcp.fr\/wp-content\/uploads\/2023\/05\/DSCF2608-1536x1024.jpeg 1536w, https:\/\/elcp.fr\/wp-content\/uploads\/2023\/05\/DSCF2608-2048x1365.jpeg 2048w, https:\/\/elcp.fr\/wp-content\/uploads\/2023\/05\/DSCF2608-2000x1333.jpeg 2000w\" sizes=\"auto, (max-width: 1024px) 100vw, 1024px\" \/><div class=\"wp-block-cover__inner-container is-layout-flow wp-block-cover-is-layout-flow\">\n<p class=\"has-text-align-center has-white-color has-text-color has-large-font-size\">Z\u00e9ro palu le street art s&#8217;engage<\/p>\n\n\n\n<p class=\"has-text-align-center has-white-color has-text-color has-medium-font-size\"><\/p>\n<\/div><\/div>\n\n\n\n<hr class=\"wp-block-separator has-alpha-channel-opacity is-style-wide\"\/>\n\n\n\n<p><strong>L\u2019exposition a plusieurs objectifs :<\/strong><\/p>\n\n\n\n<p>&#8211;&nbsp; &nbsp; Sensibiliser le grand public sur le poids du paludisme aujourd\u2019hui dans le monde, sa lutte et le besoin de financement et de mobilisation pour un jour mettre fin \u00e0 cette maladie par le biais d\u2019\u0153uvres de street art et d\u2019un accompagnement textuel.<\/p>\n\n\n\n<p>&#8211;&nbsp; &nbsp; Faire un travail de pr\u00e9vention afin de limiter les risques d\u2019infections et de cas graves (\u00b16000 cas de paludisme en France de personnes revenant de voyage), notamment aupr\u00e8s des populations issues des diasporas africaines qui sont plus \u00e0 risque lors de leurs visites sur le continent.<\/p>\n\n\n\n<p>Cette exposition est compos\u00e9e de 16 oeuvres r\u00e9alis\u00e9es sur des moustiquaires qui ont ensuite \u00e9t\u00e9 graff\u00e9es par de grands noms du street art (Colorz, Dery, Don Twa, Drissa Konate, Evingel, Gilbert, Jay One, Kongo, Lazoo, Nebay, Oeno, Pearl Graffiti, Shuck One, Soesm, Sonic et Sunset).<\/p>\n\n\n\n<p>Elle est accompagn\u00e9e de panneaux de sensibilisation sur le paludisme permettant aux personnes visitant l\u2019exposition d\u2019en apprendre plus sur le paludisme : le mode de transmission, les traitements, les outils de pr\u00e9vention, le r\u00f4le du Fonds mondial dans la lutte contre le paludisme, etc. Ces panneaux incluent des codes QR qui permettent d&#8217;avoir acc\u00e8s \u00e0 des ressources additionnelles sur ces questions.<\/p>\n\n\n\n<p>Cette exposition a \u00e9t\u00e9 tout d&#8217;abord montr\u00e9e \u00e0 l\u2019occasion de la journ\u00e9e mondiale de lutte contre le paludisme et du lancement de l\u2019association des \u00c9lus Locaux Contre le Paludisme le 25 avril dernier \u00e0 la mairie de Paris Centre o\u00f9 elle est rest\u00e9e 10 jours.<\/p>\n\n\n\n<figure class=\"wp-block-gallery has-nested-images columns-default is-cropped wp-block-gallery-1 is-layout-flex wp-block-gallery-is-layout-flex\">\n<figure class=\"wp-block-image size-large\"><img loading=\"lazy\" decoding=\"async\" width=\"1024\" height=\"683\" data-id=\"341\" src=\"https:\/\/elcp.fr\/wp-content\/uploads\/2024\/01\/expo3-1024x683.jpg\" alt=\"\" class=\"wp-image-341\" srcset=\"https:\/\/elcp.fr\/wp-content\/uploads\/2024\/01\/expo3-1024x683.jpg 1024w, https:\/\/elcp.fr\/wp-content\/uploads\/2024\/01\/expo3-300x200.jpg 300w, https:\/\/elcp.fr\/wp-content\/uploads\/2024\/01\/expo3-768x512.jpg 768w, https:\/\/elcp.fr\/wp-content\/uploads\/2024\/01\/expo3-1536x1024.jpg 1536w, https:\/\/elcp.fr\/wp-content\/uploads\/2024\/01\/expo3-2048x1365.jpg 2048w, https:\/\/elcp.fr\/wp-content\/uploads\/2024\/01\/expo3-2000x1333.jpg 2000w\" sizes=\"auto, (max-width: 1024px) 100vw, 1024px\" \/><\/figure>\n\n\n\n<figure class=\"wp-block-image size-large\"><img loading=\"lazy\" decoding=\"async\" width=\"1024\" height=\"683\" data-id=\"342\" src=\"https:\/\/elcp.fr\/wp-content\/uploads\/2024\/01\/expo4-1024x683.jpg\" alt=\"\" class=\"wp-image-342\" srcset=\"https:\/\/elcp.fr\/wp-content\/uploads\/2024\/01\/expo4-1024x683.jpg 1024w, https:\/\/elcp.fr\/wp-content\/uploads\/2024\/01\/expo4-300x200.jpg 300w, https:\/\/elcp.fr\/wp-content\/uploads\/2024\/01\/expo4-768x512.jpg 768w, https:\/\/elcp.fr\/wp-content\/uploads\/2024\/01\/expo4-1536x1024.jpg 1536w, https:\/\/elcp.fr\/wp-content\/uploads\/2024\/01\/expo4-2048x1365.jpg 2048w, https:\/\/elcp.fr\/wp-content\/uploads\/2024\/01\/expo4-2000x1333.jpg 2000w\" sizes=\"auto, (max-width: 1024px) 100vw, 1024px\" \/><\/figure>\n<\/figure>\n\n\n\n<p>Elle est ensuite partie dans le 18e arrondissement de Paris, \u00e0 l\u2019espace FGO-Barbara o\u00f9 elle a \u00e9t\u00e9 accroch\u00e9e pendant pr\u00e8s d\u2019un mois. Une soir\u00e9e de vernissage a rassembl\u00e9e pr\u00e8s de 80 personnes pendant plus de deux heures autour des \u0153uvres et d\u2019une discussion sur le paludisme aujourd\u2019hui<\/p>\n\n\n\n<figure class=\"wp-block-gallery has-nested-images columns-default is-cropped wp-block-gallery-2 is-layout-flex wp-block-gallery-is-layout-flex\">\n<figure class=\"wp-block-image size-large\"><img loading=\"lazy\" decoding=\"async\" width=\"1024\" height=\"768\" data-id=\"338\" src=\"https:\/\/elcp.fr\/wp-content\/uploads\/2024\/01\/expo-1024x768.jpg\" alt=\"\" class=\"wp-image-338\" srcset=\"https:\/\/elcp.fr\/wp-content\/uploads\/2024\/01\/expo-1024x768.jpg 1024w, https:\/\/elcp.fr\/wp-content\/uploads\/2024\/01\/expo-300x225.jpg 300w, https:\/\/elcp.fr\/wp-content\/uploads\/2024\/01\/expo-768x576.jpg 768w, https:\/\/elcp.fr\/wp-content\/uploads\/2024\/01\/expo-1536x1152.jpg 1536w, https:\/\/elcp.fr\/wp-content\/uploads\/2024\/01\/expo-2048x1536.jpg 2048w, https:\/\/elcp.fr\/wp-content\/uploads\/2024\/01\/expo-2000x1500.jpg 2000w\" sizes=\"auto, (max-width: 1024px) 100vw, 1024px\" \/><\/figure>\n\n\n\n<figure class=\"wp-block-image size-large\"><img loading=\"lazy\" decoding=\"async\" width=\"1024\" height=\"768\" data-id=\"337\" src=\"https:\/\/elcp.fr\/wp-content\/uploads\/2024\/01\/expo2-1024x768.jpg\" alt=\"\" class=\"wp-image-337\" srcset=\"https:\/\/elcp.fr\/wp-content\/uploads\/2024\/01\/expo2-1024x768.jpg 1024w, https:\/\/elcp.fr\/wp-content\/uploads\/2024\/01\/expo2-300x225.jpg 300w, https:\/\/elcp.fr\/wp-content\/uploads\/2024\/01\/expo2-768x576.jpg 768w, https:\/\/elcp.fr\/wp-content\/uploads\/2024\/01\/expo2-1536x1152.jpg 1536w, https:\/\/elcp.fr\/wp-content\/uploads\/2024\/01\/expo2-2048x1536.jpg 2048w, https:\/\/elcp.fr\/wp-content\/uploads\/2024\/01\/expo2-2000x1500.jpg 2000w\" sizes=\"auto, (max-width: 1024px) 100vw, 1024px\" \/><\/figure>\n<\/figure>\n\n\n\n<p>L\u2019exposition a ensuite \u00e9t\u00e9 pr\u00e9sent\u00e9e dans le hall du Service de Maladies Infectieuses et Tropicales de l\u2019h\u00f4pital Bich\u00e2t (APHP). Cette exposition a commenc\u00e9 le 14 septembre et se finira le 14 octobre prochain. \u00c0 cette occasion un vernissage a eu lieu le 4 octobre en pr\u00e9sence d\u2019\u00e9lus parisiens et l\u2019\u00eele de France, de personnels soignants de l\u2019h\u00f4pital Bich\u00e2t, de personnels soignants d\u2019\u00eele de France notamment issus des diasporas, de l\u2019\u00e9quipe du Conseil National de R\u00e9f\u00e9rence sur le Paludisme ainsi que de M. Vial, directeur de l\u2019h\u00f4pital Bich\u00e2t.<\/p>\n\n\n\n<figure class=\"wp-block-gallery has-nested-images columns-default is-cropped wp-block-gallery-3 is-layout-flex wp-block-gallery-is-layout-flex\">\n<figure class=\"wp-block-image size-large\"><img loading=\"lazy\" decoding=\"async\" width=\"1024\" height=\"768\" data-id=\"333\" src=\"https:\/\/elcp.fr\/wp-content\/uploads\/2024\/01\/IMG_2503-1024x768.jpeg\" alt=\"\" class=\"wp-image-333\" srcset=\"https:\/\/elcp.fr\/wp-content\/uploads\/2024\/01\/IMG_2503-1024x768.jpeg 1024w, https:\/\/elcp.fr\/wp-content\/uploads\/2024\/01\/IMG_2503-300x225.jpeg 300w, https:\/\/elcp.fr\/wp-content\/uploads\/2024\/01\/IMG_2503-768x576.jpeg 768w, https:\/\/elcp.fr\/wp-content\/uploads\/2024\/01\/IMG_2503-1536x1152.jpeg 1536w, https:\/\/elcp.fr\/wp-content\/uploads\/2024\/01\/IMG_2503-2048x1536.jpeg 2048w, https:\/\/elcp.fr\/wp-content\/uploads\/2024\/01\/IMG_2503-2000x1500.jpeg 2000w\" sizes=\"auto, (max-width: 1024px) 100vw, 1024px\" \/><figcaption class=\"wp-element-caption\">Exposition \u00e0 l&#8217;H\u00f4pital Bichat<\/figcaption><\/figure>\n\n\n\n<figure class=\"wp-block-image size-large\"><img loading=\"lazy\" decoding=\"async\" width=\"1024\" height=\"768\" data-id=\"334\" src=\"https:\/\/elcp.fr\/wp-content\/uploads\/2024\/01\/IMG_2508-1024x768.jpeg\" alt=\"\" class=\"wp-image-334\" srcset=\"https:\/\/elcp.fr\/wp-content\/uploads\/2024\/01\/IMG_2508-1024x768.jpeg 1024w, https:\/\/elcp.fr\/wp-content\/uploads\/2024\/01\/IMG_2508-300x225.jpeg 300w, https:\/\/elcp.fr\/wp-content\/uploads\/2024\/01\/IMG_2508-768x576.jpeg 768w, https:\/\/elcp.fr\/wp-content\/uploads\/2024\/01\/IMG_2508-1536x1152.jpeg 1536w, https:\/\/elcp.fr\/wp-content\/uploads\/2024\/01\/IMG_2508-2048x1536.jpeg 2048w, https:\/\/elcp.fr\/wp-content\/uploads\/2024\/01\/IMG_2508-2000x1500.jpeg 2000w\" sizes=\"auto, (max-width: 1024px) 100vw, 1024px\" \/><figcaption class=\"wp-element-caption\">Les ELCP avec le directeur de l&#8217;H\u00f4pital, l&#8217;adjointe \u00e0 la sant\u00e9 du 18e et la coordinatrice du CNR<\/figcaption><\/figure>\n<\/figure>\n\n\n\n<p><\/p>\n\n\n\n<p><em><strong>Si une mairie\/collectivit\u00e9 est int\u00e9ress\u00e9e pour l&#8217;accueillir, n&#8217;h\u00e9sitez pas \u00e0 nous contacter<\/strong><\/em>.<\/p>\n\n\n\n<p><\/p>\n\n\n\n<p>  <\/p>\n","protected":false},"excerpt":{"rendered":"<p>L\u2019exposition a plusieurs objectifs : &#8211;&nbsp; &nbsp; Sensibiliser le grand public sur le poids du paludisme aujourd\u2019hui dans le monde, sa lutte et le besoin de financement et de mobilisation pour un jour mettre fin \u00e0 cette maladie par le biais d\u2019\u0153uvres de street art et d\u2019un accompagnement textuel. &#8211;&nbsp; &nbsp; Faire un travail de &hellip; <\/p>\n<p class=\"link-more\"><a href=\"https:\/\/elcp.fr\/index.php\/exposition-zero-palu-le-street-art-sengage\/\" class=\"more-link\">Read more<span class=\"screen-reader-text\"> &#8220;Exposition &#8211; Z\u00e9ro palu : le street art s&#8217;engage&#8221;<\/span><\/a><\/p>\n","protected":false},"author":2,"featured_media":0,"parent":0,"menu_order":0,"comment_status":"closed","ping_status":"closed","template":"","meta":{"footnotes":""},"class_list":["post-208","page","type-page","status-publish","hentry"],"_links":{"self":[{"href":"https:\/\/elcp.fr\/index.php\/wp-json\/wp\/v2\/pages\/208","targetHints":{"allow":["GET"]}}],"collection":[{"href":"https:\/\/elcp.fr\/index.php\/wp-json\/wp\/v2\/pages"}],"about":[{"href":"https:\/\/elcp.fr\/index.php\/wp-json\/wp\/v2\/types\/page"}],"author":[{"embeddable":true,"href":"https:\/\/elcp.fr\/index.php\/wp-json\/wp\/v2\/users\/2"}],"replies":[{"embeddable":true,"href":"https:\/\/elcp.fr\/index.php\/wp-json\/wp\/v2\/comments?post=208"}],"version-history":[{"count":13,"href":"https:\/\/elcp.fr\/index.php\/wp-json\/wp\/v2\/pages\/208\/revisions"}],"predecessor-version":[{"id":343,"href":"https:\/\/elcp.fr\/index.php\/wp-json\/wp\/v2\/pages\/208\/revisions\/343"}],"wp:attachment":[{"href":"https:\/\/elcp.fr\/index.php\/wp-json\/wp\/v2\/media?parent=208"}],"curies":[{"name":"wp","href":"https:\/\/api.w.org\/{rel}","templated":true}]}}

Exposition &#8211; Zéro palu : le street art s&#8217;engage

<hr class="wp-block-separator has-alpha-channel-opacity is-style-wide"/>



<div class="wp-block-cover is-light"><span aria-hidden="true" class="wp-block-cover__background has-background-dim"></span><img loading="lazy" decoding="async" width="1024" height="683" class="wp-block-cover__image-background wp-image-221" alt="" src="http://elcp.fr/wp-content/uploads/2023/05/DSCF2608-1024x683.jpeg" data-object-fit="cover" srcset="https://elcp.fr/wp-content/uploads/2023/05/DSCF2608-1024x683.jpeg 1024w, https://elcp.fr/wp-content/uploads/2023/05/DSCF2608-300x200.jpeg 300w, https://elcp.fr/wp-content/uploads/2023/05/DSCF2608-768x512.jpeg 768w, https://elcp.fr/wp-content/uploads/2023/05/DSCF2608-1536x1024.jpeg 1536w, https://elcp.fr/wp-content/uploads/2023/05/DSCF2608-2048x1365.jpeg 2048w, https://elcp.fr/wp-content/uploads/2023/05/DSCF2608-2000x1333.jpeg 2000w" sizes="auto, (max-width: 1024px) 100vw, 1024px" /><div class="wp-block-cover__inner-container is-layout-flow wp-block-cover-is-layout-flow">
<p class="has-text-align-center has-white-color has-text-color has-large-font-size">Zéro palu le street art s&#8217;engage</p>



<p class="has-text-align-center has-white-color has-text-color has-medium-font-size"></p>
</div></div>



<hr class="wp-block-separator has-alpha-channel-opacity is-style-wide"/>



<p><strong>L’exposition a plusieurs objectifs :</strong></p>



<p>&#8211;&nbsp; &nbsp; Sensibiliser le grand public sur le poids du paludisme aujourd’hui dans le monde, sa lutte et le besoin de financement et de mobilisation pour un jour mettre fin à cette maladie par le biais d’œuvres de street art et d’un accompagnement textuel.</p>



<p>&#8211;&nbsp; &nbsp; Faire un travail de prévention afin de limiter les risques d’infections et de cas graves (±6000 cas de paludisme en France de personnes revenant de voyage), notamment auprès des populations issues des diasporas africaines qui sont plus à risque lors de leurs visites sur le continent.</p>



<p>Cette exposition est composée de 16 oeuvres réalisées sur des moustiquaires qui ont ensuite été graffées par de grands noms du street art (Colorz, Dery, Don Twa, Drissa Konate, Evingel, Gilbert, Jay One, Kongo, Lazoo, Nebay, Oeno, Pearl Graffiti, Shuck One, Soesm, Sonic et Sunset).</p>



<p>Elle est accompagnée de panneaux de sensibilisation sur le paludisme permettant aux personnes visitant l’exposition d’en apprendre plus sur le paludisme : le mode de transmission, les traitements, les outils de prévention, le rôle du Fonds mondial dans la lutte contre le paludisme, etc. Ces panneaux incluent des codes QR qui permettent d&#8217;avoir accès à des ressources additionnelles sur ces questions.</p>



<p>Cette exposition a été tout d&#8217;abord montrée à l’occasion de la journée mondiale de lutte contre le paludisme et du lancement de l’association des Élus Locaux Contre le Paludisme le 25 avril dernier à la mairie de Paris Centre où elle est restée 10 jours.</p>



<figure class="wp-block-gallery has-nested-images columns-default is-cropped wp-block-gallery-1 is-layout-flex wp-block-gallery-is-layout-flex">
<figure class="wp-block-image size-large"><img loading="lazy" decoding="async" width="1024" height="683" data-id="341" src="https://elcp.fr/wp-content/uploads/2024/01/expo3-1024x683.jpg" alt="" class="wp-image-341" srcset="https://elcp.fr/wp-content/uploads/2024/01/expo3-1024x683.jpg 1024w, https://elcp.fr/wp-content/uploads/2024/01/expo3-300x200.jpg 300w, https://elcp.fr/wp-content/uploads/2024/01/expo3-768x512.jpg 768w, https://elcp.fr/wp-content/uploads/2024/01/expo3-1536x1024.jpg 1536w, https://elcp.fr/wp-content/uploads/2024/01/expo3-2048x1365.jpg 2048w, https://elcp.fr/wp-content/uploads/2024/01/expo3-2000x1333.jpg 2000w" sizes="auto, (max-width: 1024px) 100vw, 1024px" /></figure>



<figure class="wp-block-image size-large"><img loading="lazy" decoding="async" width="1024" height="683" data-id="342" src="https://elcp.fr/wp-content/uploads/2024/01/expo4-1024x683.jpg" alt="" class="wp-image-342" srcset="https://elcp.fr/wp-content/uploads/2024/01/expo4-1024x683.jpg 1024w, https://elcp.fr/wp-content/uploads/2024/01/expo4-300x200.jpg 300w, https://elcp.fr/wp-content/uploads/2024/01/expo4-768x512.jpg 768w, https://elcp.fr/wp-content/uploads/2024/01/expo4-1536x1024.jpg 1536w, https://elcp.fr/wp-content/uploads/2024/01/expo4-2048x1365.jpg 2048w, https://elcp.fr/wp-content/uploads/2024/01/expo4-2000x1333.jpg 2000w" sizes="auto, (max-width: 1024px) 100vw, 1024px" /></figure>
</figure>



<p>Elle est ensuite partie dans le 18e arrondissement de Paris, à l’espace FGO-Barbara où elle a été accrochée pendant près d’un mois. Une soirée de vernissage a rassemblée près de 80 personnes pendant plus de deux heures autour des œuvres et d’une discussion sur le paludisme aujourd’hui</p>



<figure class="wp-block-gallery has-nested-images columns-default is-cropped wp-block-gallery-2 is-layout-flex wp-block-gallery-is-layout-flex">
<figure class="wp-block-image size-large"><img loading="lazy" decoding="async" width="1024" height="768" data-id="338" src="https://elcp.fr/wp-content/uploads/2024/01/expo-1024x768.jpg" alt="" class="wp-image-338" srcset="https://elcp.fr/wp-content/uploads/2024/01/expo-1024x768.jpg 1024w, https://elcp.fr/wp-content/uploads/2024/01/expo-300x225.jpg 300w, https://elcp.fr/wp-content/uploads/2024/01/expo-768x576.jpg 768w, https://elcp.fr/wp-content/uploads/2024/01/expo-1536x1152.jpg 1536w, https://elcp.fr/wp-content/uploads/2024/01/expo-2048x1536.jpg 2048w, https://elcp.fr/wp-content/uploads/2024/01/expo-2000x1500.jpg 2000w" sizes="auto, (max-width: 1024px) 100vw, 1024px" /></figure>



<figure class="wp-block-image size-large"><img loading="lazy" decoding="async" width="1024" height="768" data-id="337" src="https://elcp.fr/wp-content/uploads/2024/01/expo2-1024x768.jpg" alt="" class="wp-image-337" srcset="https://elcp.fr/wp-content/uploads/2024/01/expo2-1024x768.jpg 1024w, https://elcp.fr/wp-content/uploads/2024/01/expo2-300x225.jpg 300w, https://elcp.fr/wp-content/uploads/2024/01/expo2-768x576.jpg 768w, https://elcp.fr/wp-content/uploads/2024/01/expo2-1536x1152.jpg 1536w, https://elcp.fr/wp-content/uploads/2024/01/expo2-2048x1536.jpg 2048w, https://elcp.fr/wp-content/uploads/2024/01/expo2-2000x1500.jpg 2000w" sizes="auto, (max-width: 1024px) 100vw, 1024px" /></figure>
</figure>



<p>L’exposition a ensuite été présentée dans le hall du Service de Maladies Infectieuses et Tropicales de l’hôpital Bichât (APHP). Cette exposition a commencé le 14 septembre et se finira le 14 octobre prochain. À cette occasion un vernissage a eu lieu le 4 octobre en présence d’élus parisiens et l’île de France, de personnels soignants de l’hôpital Bichât, de personnels soignants d’île de France notamment issus des diasporas, de l’équipe du Conseil National de Référence sur le Paludisme ainsi que de M. Vial, directeur de l’hôpital Bichât.</p>



<figure class="wp-block-gallery has-nested-images columns-default is-cropped wp-block-gallery-3 is-layout-flex wp-block-gallery-is-layout-flex">
<figure class="wp-block-image size-large"><img loading="lazy" decoding="async" width="1024" height="768" data-id="333" src="https://elcp.fr/wp-content/uploads/2024/01/IMG_2503-1024x768.jpeg" alt="" class="wp-image-333" srcset="https://elcp.fr/wp-content/uploads/2024/01/IMG_2503-1024x768.jpeg 1024w, https://elcp.fr/wp-content/uploads/2024/01/IMG_2503-300x225.jpeg 300w, https://elcp.fr/wp-content/uploads/2024/01/IMG_2503-768x576.jpeg 768w, https://elcp.fr/wp-content/uploads/2024/01/IMG_2503-1536x1152.jpeg 1536w, https://elcp.fr/wp-content/uploads/2024/01/IMG_2503-2048x1536.jpeg 2048w, https://elcp.fr/wp-content/uploads/2024/01/IMG_2503-2000x1500.jpeg 2000w" sizes="auto, (max-width: 1024px) 100vw, 1024px" /><figcaption class="wp-element-caption">Exposition à l&#8217;Hôpital Bichat</figcaption></figure>



<figure class="wp-block-image size-large"><img loading="lazy" decoding="async" width="1024" height="768" data-id="334" src="https://elcp.fr/wp-content/uploads/2024/01/IMG_2508-1024x768.jpeg" alt="" class="wp-image-334" srcset="https://elcp.fr/wp-content/uploads/2024/01/IMG_2508-1024x768.jpeg 1024w, https://elcp.fr/wp-content/uploads/2024/01/IMG_2508-300x225.jpeg 300w, https://elcp.fr/wp-content/uploads/2024/01/IMG_2508-768x576.jpeg 768w, https://elcp.fr/wp-content/uploads/2024/01/IMG_2508-1536x1152.jpeg 1536w, https://elcp.fr/wp-content/uploads/2024/01/IMG_2508-2048x1536.jpeg 2048w, https://elcp.fr/wp-content/uploads/2024/01/IMG_2508-2000x1500.jpeg 2000w" sizes="auto, (max-width: 1024px) 100vw, 1024px" /><figcaption class="wp-element-caption">Les ELCP avec le directeur de l&#8217;Hôpital, l&#8217;adjointe à la santé du 18e et la coordinatrice du CNR</figcaption></figure>
</figure>



<p></p>



<p><em><strong>Si une mairie/collectivité est intéressée pour l&#8217;accueillir, n&#8217;hésitez pas à nous contacter</strong></em>.</p>



<p></p>



<p>  </p>

<p>L’exposition a plusieurs objectifs : &#8211;&nbsp; &nbsp; Sensibiliser le grand public sur le poids du paludisme aujourd’hui dans le monde, sa lutte et le besoin de financement et de mobilisation pour un jour mettre fin à cette maladie par le biais d’œuvres de street art et d’un accompagnement textuel. &#8211;&nbsp; &nbsp; Faire un travail de &hellip; </p>
<p class="link-more"><a href="https://elcp.fr/index.php/exposition-zero-palu-le-street-art-sengage/" class="more-link">Read more<span class="screen-reader-text"> &#8220;Exposition &#8211; Zéro palu : le street art s&#8217;engage&#8221;</span></a></p>
