{"id":205,"date":"2023-05-09T11:29:43","date_gmt":"2023-05-09T11:29:43","guid":{"rendered":"https:\/\/elcp.fr\/?page_id=205"},"modified":"2023-05-09T11:46:18","modified_gmt":"2023-05-09T11:46:18","slug":"25-avril-journee-mondiale-de-lutte-contre-le-paludisme","status":"publish","type":"page","link":"https:\/\/elcp.fr\/index.php\/25-avril-journee-mondiale-de-lutte-contre-le-paludisme\/","title":{"rendered":"25 avril : journ\u00e9e mondiale de lutte contre le paludisme"},"content":{"rendered":"\n<hr class=\"wp-block-separator has-alpha-channel-opacity is-style-wide\"\/>\n\n\n\n<div class=\"wp-block-cover\"><span aria-hidden=\"true\" class=\"wp-block-cover__background has-background-dim\"><\/span><img loading=\"lazy\" decoding=\"async\" width=\"2560\" height=\"1707\" class=\"wp-block-cover__image-background wp-image-174\" alt=\"Photo des \u00e9lus engag\u00e9s aupr\u00e8s de l'association les \u00e9lus locaux contre le paludisme avec les partenaires pr\u00e9sents\" src=\"http:\/\/elcp.fr\/wp-content\/uploads\/2023\/05\/photo-group-ELCP-scaled.jpeg\" data-object-fit=\"cover\" srcset=\"https:\/\/elcp.fr\/wp-content\/uploads\/2023\/05\/photo-group-ELCP-scaled.jpeg 2560w, https:\/\/elcp.fr\/wp-content\/uploads\/2023\/05\/photo-group-ELCP-300x200.jpeg 300w, https:\/\/elcp.fr\/wp-content\/uploads\/2023\/05\/photo-group-ELCP-1024x683.jpeg 1024w, https:\/\/elcp.fr\/wp-content\/uploads\/2023\/05\/photo-group-ELCP-768x512.jpeg 768w, https:\/\/elcp.fr\/wp-content\/uploads\/2023\/05\/photo-group-ELCP-1536x1024.jpeg 1536w, https:\/\/elcp.fr\/wp-content\/uploads\/2023\/05\/photo-group-ELCP-2048x1366.jpeg 2048w, https:\/\/elcp.fr\/wp-content\/uploads\/2023\/05\/photo-group-ELCP-2000x1334.jpeg 2000w\" sizes=\"auto, (max-width: 2560px) 100vw, 2560px\" \/><div class=\"wp-block-cover__inner-container is-layout-flow wp-block-cover-is-layout-flow\">\n<p class=\"has-text-align-center has-large-font-size\">25 avril 2023 : <\/p>\n\n\n\n<p class=\"has-text-align-center has-large-font-size\">&#8220;Il est temps d&#8217;atteindre Z\u00e9ro Palu : <\/p>\n\n\n\n<p class=\"has-text-align-center has-large-font-size\">les \u00e9lus s&#8217;engagent&#8221;<\/p>\n<\/div><\/div>\n\n\n\n<p>Mardi 25 avril a marqu\u00e9 le lancement des Elus Locaux Contre le Paludisme lors de la journ\u00e9e mondiale de lutte contre le paludisme. L&#8217;occasion de rassembler des experts de la lutte contre cette maladie qui tue encore un enfant par minute, d&#8217;entendre les t\u00e9moignages de membres des diasporas africaines en France.<\/p>\n\n\n\n<p>Les \u00e9lus ont partag\u00e9 leurs engagements et leurs appels aupr\u00e8s des \u00e9lus locaux, des autorit\u00e9s sanitaires, des d\u00e9cideurs politiques fran\u00e7ais et internationaux pour mettre fin au paludisme. Certains chiffres ont \u00e9t\u00e9 rappel\u00e9s: 619 000 personnes sont mortes du paludisme en 2021 dont plus de 90% en Afrique, et particuli\u00e8rement les enfants de moins de cinq ans et les femmes enceintes.<\/p>\n\n\n\n<p>Fran\u00e7oise Vanni, du Fonds mondial a rappel\u00e9 que le chemin parcouru depuis 2002 et la cr\u00e9ation du Fonds est \u00e9norme avec une augmentation de l&#8217;acc\u00e8s et de l&#8217;utilisation des moustiquaires impr\u00e9gn\u00e9es d&#8217;insecticides et des traitements curatifs ayant contribu\u00e9 \u00e0 une baisse drastique du nombre de cas et de morts. Cependant, apr\u00e8s vingt ans de progr\u00e8s significatifs dans la lutte contre le paludisme, le nombre de cas (247 millions\/an) et de morts sont repartis \u00e0 la hausse, d\u00e9montrant qu&#8217;avec le paludisme, la moindre pause revient \u00e0 laisser au moustique et au parasite la capacit\u00e9 de s&#8217;adapter et de relancer l&#8217;\u00e9pid\u00e9mie.<\/p>\n\n\n\n<blockquote class=\"wp-block-quote is-layout-flow wp-block-quote-is-layout-flow\">\n<p>Le droit \u00e0 vivre en bonne sant\u00e9 devait \u00eatre universel d&#8217;ici \u00e0 2030 et il n&#8217;en sera rien. La recrudescence du paludisme d\u00e9montre que nous en sommes loin, et cela doit nous alerter et surtout rappeler l&#8217;urgence de la mobilisation.<\/p>\n<cite>Jean Fran\u00e7ois Mbaye, vice-pr\u00e9sident des \u00c9lus Locaux Contre le Paludisme<\/cite><\/blockquote>\n\n\n\n<p>Les intervenants ont rappel\u00e9 que les d\u00e9fis demeurent nombreux \u00e0 la fois en termes de recherche pour gagner la course contre les moustiques vecteurs ainsi que les parasites, mais aussi pour faire face aux nouveaux d\u00e9fis tels que le changement climatique (<a rel=\"noreferrer noopener\" href=\"https:\/\/www.liberation.fr\/international\/au-malawi-et-au-pakistan-les-cas-de-paludisme-explosent-en-raison-des-catastrophes-naturelles-20230424_YYWOMQTWABE65JBY53JHYAIEJY\/\" target=\"_blank\">voir l&#8217;exemple du Pakistan<\/a>), aux cons\u00e9quences des conflits et d\u00e9placements, \u00e0 l&#8217;invasion de nouvelles esp\u00e8ces vectrices du paludisme. Pour cela, les Elus Locaux Contre le Paludisme ont d\u00e9cid\u00e9 de se mobiliser pour porter un message de pr\u00e9vention mais aussi s&#8217;assurer que le paludisme reste en haut de l&#8217;agenda politique, car son \u00e9limination est possible dans cette g\u00e9n\u00e9ration.<\/p>\n\n\n\n<p>Le rappeur Mokob\u00e9 a partag\u00e9 son exp\u00e9rience avec le paludisme en 2022. En voyage en C\u00f4te d&#8217;Ivoire, il ne reconnait pas les premiers sympt\u00f4mes &#8211; fi\u00e8vre et fatigue &#8211; et rapidement il tombe tr\u00e8s malade. Pris en charge localement, il sera finalement l&#8217;objet d&#8217;un rapatriement sanitaire d\u2019urgence, dans le coma, pour traiter un neuropaludisme s\u00e9v\u00e8re. Depuis, il s\u2019engage pour mobiliser contre le paludisme et passer un message de pr\u00e9vention notamment aupr\u00e8s des diasporas africaines pr\u00e9sentes en France. Son t\u00e9moignage a beaucoup \u00e9mu l&#8217;audience, des participantes ont partag\u00e9 leur exp\u00e9rience personnelle avec le paludisme. <\/p>\n\n\n\n<p>Le Prof. Sandrine Houz\u00e9 (coordinatrice du Centre National de R\u00e9f\u00e9rence du Paludisme), m\u00e9decin-chercheur sp\u00e9cialiste du paludisme \u00e0 l&#8217;h\u00f4pital Bichat de l&#8217;APHA a partag\u00e9 un chiffre choc :  entre 5000 et 6000 cas annuels de paludisme import\u00e9s en France, en majorit\u00e9 dans les diasporas, ce qui fait de notre pays le premier au monde pour le paludisme import\u00e9. Elle a rappel\u00e9 l&#8217;importance d&#8217;un diagnostic pr\u00e9coce afin de pr\u00e9venir les formes graves du paludisme et la prise en charge gratuite du traitement curatif en France o\u00f9 il est couvert par la s\u00e9curit\u00e9 sociale, et dans de nombreux pays o\u00f9 gr\u00e2ce notamment au financement du Fonds mondial les m\u00e9dicaments sont gratuits. <\/p>\n\n\n\n<p>Les \u00e9lus se sont exprim\u00e9s pour dire leur engagement \u00e0 mettre fin au paludisme. Cet engagement est pour beaucoup ancr\u00e9 dans leur exp\u00e9rience personnelle avec le paludisme, comme membre des diasporas africaines, que ce soit parce qu&#8217;ils ont soufferts de cette maladie ou parce qu&#8217;ils ont d\u00fb soutenir des proches, souvent financi\u00e8rement, pour faire face \u00e0 ce fardeau. Parmi leurs moyens d&#8217;actions: <\/p>\n\n\n\n<ul class=\"wp-block-list\">\n<li>Le renforcement de la pr\u00e9vention et de la surveillance, notamment aupr\u00e8s des populations en France pour les prot\u00e9ger du paludisme lors de leurs voyages mais aussi pour qu&#8217;elles soient \u00e0 leur tour actrices de la pr\u00e9vention aupr\u00e8s des communaut\u00e9s. <\/li>\n\n\n\n<li>Les actions de solidarit\u00e9 et de coop\u00e9ration, que ce soit par les associations comme le <a href=\"https:\/\/forim.net\/\">FORIM<\/a> qui a partag\u00e9 son exp\u00e9rience de projets dans le secteur sanitaire, ou par les municipalit\u00e9s dans le cadre de leur coop\u00e9ration d\u00e9centralis\u00e9e. <\/li>\n\n\n\n<li>Le travail de plaidoyer aupr\u00e8s des autorit\u00e9s fran\u00e7aises pour continuer \u00e0 financer la lutte contre le paludisme, notamment par l&#8217;investissement dans le Fonds Mondial afin que les ressources soient disponibles pour les programmes de lutte, mais aussi pour le financement de la recherche. <\/li>\n\n\n\n<li>Le travail avec le minist\u00e8re de la sant\u00e9 pour un remboursement des m\u00e9dicaments de prophylaxie qui aident \u00e0 pr\u00e9venir les cas de paludisme pour les personnes se rendant en zone end\u00e9mique. La d\u00e9put\u00e9e Sabrina Sebaihi s&#8217;est engag\u00e9e \u00e0 porter ce combat afin de ne pas uniquement avoir une approche de soin mais d&#8217;investir dans la pr\u00e9vention en amont. <\/li>\n<\/ul>\n\n\n\n<blockquote class=\"wp-block-quote is-layout-flow wp-block-quote-is-layout-flow\">\n<p>Chacun a un r\u00f4le \u00e0 jouer dans notre objectif commun de mettre fin au paludisme d&#8217;ici \u00e0 2030. Les diasporas sont le pont entre les pays d&#8217;origine et les pays de r\u00e9sidence et permettent de sensibiliser \u00e0 tous niveaux. Je salue la cr\u00e9ation de l&#8217;association et l&#8217;engagement des \u00c9lus Locaux Contre le Paludisme qui jouent un r\u00f4le d\u00e9terminant pour d\u00e9finir des r\u00e9ponses adapt\u00e9es aux populations et faciliter leur acc\u00e8s aux services de sant\u00e9.<\/p>\n<cite>Anne-Claire Amprou, Ambassadrice pour la sant\u00e9 mondiale<\/cite><\/blockquote>\n\n\n\n<figure class=\"wp-block-gallery has-nested-images columns-default is-cropped wp-block-gallery-1 is-layout-flex wp-block-gallery-is-layout-flex\">\n<figure class=\"wp-block-image size-large\"><img loading=\"lazy\" decoding=\"async\" width=\"1024\" height=\"683\" data-id=\"174\" src=\"https:\/\/elcp.fr\/wp-content\/uploads\/2023\/05\/photo-group-ELCP-1024x683.jpeg\" alt=\"Photo des \u00e9lus engag\u00e9s aupr\u00e8s de l'association les \u00e9lus locaux contre le paludisme avec les partenaires pr\u00e9sents\" class=\"wp-image-174\" srcset=\"https:\/\/elcp.fr\/wp-content\/uploads\/2023\/05\/photo-group-ELCP-1024x683.jpeg 1024w, https:\/\/elcp.fr\/wp-content\/uploads\/2023\/05\/photo-group-ELCP-300x200.jpeg 300w, https:\/\/elcp.fr\/wp-content\/uploads\/2023\/05\/photo-group-ELCP-768x512.jpeg 768w, https:\/\/elcp.fr\/wp-content\/uploads\/2023\/05\/photo-group-ELCP-1536x1024.jpeg 1536w, https:\/\/elcp.fr\/wp-content\/uploads\/2023\/05\/photo-group-ELCP-2048x1366.jpeg 2048w, https:\/\/elcp.fr\/wp-content\/uploads\/2023\/05\/photo-group-ELCP-2000x1334.jpeg 2000w\" sizes=\"auto, (max-width: 1024px) 100vw, 1024px\" \/><\/figure>\n\n\n\n<figure class=\"wp-block-image size-large\"><img loading=\"lazy\" decoding=\"async\" width=\"683\" height=\"1024\" data-id=\"185\" src=\"https:\/\/elcp.fr\/wp-content\/uploads\/2023\/05\/DSCF2242-683x1024.jpg\" alt=\"\" class=\"wp-image-185\" srcset=\"https:\/\/elcp.fr\/wp-content\/uploads\/2023\/05\/DSCF2242-683x1024.jpg 683w, https:\/\/elcp.fr\/wp-content\/uploads\/2023\/05\/DSCF2242-200x300.jpg 200w, https:\/\/elcp.fr\/wp-content\/uploads\/2023\/05\/DSCF2242-768x1152.jpg 768w, https:\/\/elcp.fr\/wp-content\/uploads\/2023\/05\/DSCF2242-1024x1536.jpg 1024w, https:\/\/elcp.fr\/wp-content\/uploads\/2023\/05\/DSCF2242-1365x2048.jpg 1365w, https:\/\/elcp.fr\/wp-content\/uploads\/2023\/05\/DSCF2242-2000x3000.jpg 2000w, https:\/\/elcp.fr\/wp-content\/uploads\/2023\/05\/DSCF2242-scaled.jpg 1707w\" sizes=\"auto, (max-width: 683px) 100vw, 683px\" \/><\/figure>\n\n\n\n<figure class=\"wp-block-image size-large\"><img loading=\"lazy\" decoding=\"async\" width=\"768\" height=\"1024\" data-id=\"191\" src=\"https:\/\/elcp.fr\/wp-content\/uploads\/2023\/05\/FukupZuXwAcGGRU-768x1024.jpeg\" alt=\"\" class=\"wp-image-191\" srcset=\"https:\/\/elcp.fr\/wp-content\/uploads\/2023\/05\/FukupZuXwAcGGRU-768x1024.jpeg 768w, https:\/\/elcp.fr\/wp-content\/uploads\/2023\/05\/FukupZuXwAcGGRU-225x300.jpeg 225w, https:\/\/elcp.fr\/wp-content\/uploads\/2023\/05\/FukupZuXwAcGGRU.jpeg 900w\" sizes=\"auto, (max-width: 768px) 100vw, 768px\" \/><\/figure>\n\n\n\n<figure class=\"wp-block-image size-large\"><img loading=\"lazy\" decoding=\"async\" width=\"1024\" height=\"683\" data-id=\"186\" src=\"https:\/\/elcp.fr\/wp-content\/uploads\/2023\/05\/DSCF2442-1024x683.jpeg\" alt=\"\" class=\"wp-image-186\" srcset=\"https:\/\/elcp.fr\/wp-content\/uploads\/2023\/05\/DSCF2442-1024x683.jpeg 1024w, https:\/\/elcp.fr\/wp-content\/uploads\/2023\/05\/DSCF2442-300x200.jpeg 300w, https:\/\/elcp.fr\/wp-content\/uploads\/2023\/05\/DSCF2442-768x512.jpeg 768w, https:\/\/elcp.fr\/wp-content\/uploads\/2023\/05\/DSCF2442-1536x1024.jpeg 1536w, https:\/\/elcp.fr\/wp-content\/uploads\/2023\/05\/DSCF2442-2048x1365.jpeg 2048w, https:\/\/elcp.fr\/wp-content\/uploads\/2023\/05\/DSCF2442-2000x1333.jpeg 2000w\" sizes=\"auto, (max-width: 1024px) 100vw, 1024px\" \/><\/figure>\n\n\n\n<figure class=\"wp-block-image size-large\"><img loading=\"lazy\" decoding=\"async\" width=\"683\" height=\"1024\" data-id=\"187\" src=\"https:\/\/elcp.fr\/wp-content\/uploads\/2023\/05\/DSCF2440-683x1024.jpeg\" alt=\"\" class=\"wp-image-187\" srcset=\"https:\/\/elcp.fr\/wp-content\/uploads\/2023\/05\/DSCF2440-683x1024.jpeg 683w, https:\/\/elcp.fr\/wp-content\/uploads\/2023\/05\/DSCF2440-200x300.jpeg 200w, https:\/\/elcp.fr\/wp-content\/uploads\/2023\/05\/DSCF2440-768x1152.jpeg 768w, https:\/\/elcp.fr\/wp-content\/uploads\/2023\/05\/DSCF2440-1024x1536.jpeg 1024w, https:\/\/elcp.fr\/wp-content\/uploads\/2023\/05\/DSCF2440-1365x2048.jpeg 1365w, https:\/\/elcp.fr\/wp-content\/uploads\/2023\/05\/DSCF2440-2000x3000.jpeg 2000w, https:\/\/elcp.fr\/wp-content\/uploads\/2023\/05\/DSCF2440-scaled.jpeg 1707w\" sizes=\"auto, (max-width: 683px) 100vw, 683px\" \/><\/figure>\n\n\n\n<figure class=\"wp-block-image size-large\"><img loading=\"lazy\" decoding=\"async\" width=\"1024\" height=\"683\" data-id=\"172\" src=\"https:\/\/elcp.fr\/wp-content\/uploads\/2023\/05\/DSCF2393-1-1-1024x683.jpeg\" alt=\"\" class=\"wp-image-172\" srcset=\"https:\/\/elcp.fr\/wp-content\/uploads\/2023\/05\/DSCF2393-1-1-1024x683.jpeg 1024w, https:\/\/elcp.fr\/wp-content\/uploads\/2023\/05\/DSCF2393-1-1-300x200.jpeg 300w, https:\/\/elcp.fr\/wp-content\/uploads\/2023\/05\/DSCF2393-1-1-768x512.jpeg 768w, https:\/\/elcp.fr\/wp-content\/uploads\/2023\/05\/DSCF2393-1-1-1536x1024.jpeg 1536w, https:\/\/elcp.fr\/wp-content\/uploads\/2023\/05\/DSCF2393-1-1-2048x1365.jpeg 2048w, https:\/\/elcp.fr\/wp-content\/uploads\/2023\/05\/DSCF2393-1-1-2000x1333.jpeg 2000w\" sizes=\"auto, (max-width: 1024px) 100vw, 1024px\" \/><\/figure>\n\n\n\n<figure class=\"wp-block-image size-large\"><img loading=\"lazy\" decoding=\"async\" width=\"1024\" height=\"683\" data-id=\"214\" src=\"https:\/\/elcp.fr\/wp-content\/uploads\/2023\/05\/DSCF2407-1-1024x683.jpeg\" alt=\"\" class=\"wp-image-214\" srcset=\"https:\/\/elcp.fr\/wp-content\/uploads\/2023\/05\/DSCF2407-1-1024x683.jpeg 1024w, https:\/\/elcp.fr\/wp-content\/uploads\/2023\/05\/DSCF2407-1-300x200.jpeg 300w, https:\/\/elcp.fr\/wp-content\/uploads\/2023\/05\/DSCF2407-1-768x512.jpeg 768w, https:\/\/elcp.fr\/wp-content\/uploads\/2023\/05\/DSCF2407-1-1536x1024.jpeg 1536w, https:\/\/elcp.fr\/wp-content\/uploads\/2023\/05\/DSCF2407-1-2048x1365.jpeg 2048w, https:\/\/elcp.fr\/wp-content\/uploads\/2023\/05\/DSCF2407-1-2000x1333.jpeg 2000w\" sizes=\"auto, (max-width: 1024px) 100vw, 1024px\" \/><\/figure>\n\n\n\n<figure class=\"wp-block-image size-large\"><img loading=\"lazy\" decoding=\"async\" width=\"1024\" height=\"683\" data-id=\"215\" src=\"https:\/\/elcp.fr\/wp-content\/uploads\/2023\/05\/DSCF2509-1-1024x683.jpeg\" alt=\"\" class=\"wp-image-215\" srcset=\"https:\/\/elcp.fr\/wp-content\/uploads\/2023\/05\/DSCF2509-1-1024x683.jpeg 1024w, https:\/\/elcp.fr\/wp-content\/uploads\/2023\/05\/DSCF2509-1-300x200.jpeg 300w, https:\/\/elcp.fr\/wp-content\/uploads\/2023\/05\/DSCF2509-1-768x512.jpeg 768w, https:\/\/elcp.fr\/wp-content\/uploads\/2023\/05\/DSCF2509-1-1536x1024.jpeg 1536w, https:\/\/elcp.fr\/wp-content\/uploads\/2023\/05\/DSCF2509-1-2048x1365.jpeg 2048w, https:\/\/elcp.fr\/wp-content\/uploads\/2023\/05\/DSCF2509-1-2000x1333.jpeg 2000w\" sizes=\"auto, (max-width: 1024px) 100vw, 1024px\" \/><\/figure>\n\n\n\n<figure class=\"wp-block-image size-large\"><img loading=\"lazy\" decoding=\"async\" width=\"683\" height=\"1024\" data-id=\"216\" src=\"https:\/\/elcp.fr\/wp-content\/uploads\/2023\/05\/DSCF2344-683x1024.jpeg\" alt=\"\" class=\"wp-image-216\" srcset=\"https:\/\/elcp.fr\/wp-content\/uploads\/2023\/05\/DSCF2344-683x1024.jpeg 683w, https:\/\/elcp.fr\/wp-content\/uploads\/2023\/05\/DSCF2344-200x300.jpeg 200w, https:\/\/elcp.fr\/wp-content\/uploads\/2023\/05\/DSCF2344-768x1152.jpeg 768w, https:\/\/elcp.fr\/wp-content\/uploads\/2023\/05\/DSCF2344-1024x1536.jpeg 1024w, https:\/\/elcp.fr\/wp-content\/uploads\/2023\/05\/DSCF2344-1365x2048.jpeg 1365w, https:\/\/elcp.fr\/wp-content\/uploads\/2023\/05\/DSCF2344-2000x3000.jpeg 2000w, https:\/\/elcp.fr\/wp-content\/uploads\/2023\/05\/DSCF2344-scaled.jpeg 1707w\" sizes=\"auto, (max-width: 683px) 100vw, 683px\" \/><\/figure>\n\n\n\n<figure class=\"wp-block-image size-large\"><img loading=\"lazy\" decoding=\"async\" width=\"1024\" height=\"683\" data-id=\"217\" src=\"https:\/\/elcp.fr\/wp-content\/uploads\/2023\/05\/DSCF2417-1024x683.jpeg\" alt=\"\" class=\"wp-image-217\" srcset=\"https:\/\/elcp.fr\/wp-content\/uploads\/2023\/05\/DSCF2417-1024x683.jpeg 1024w, https:\/\/elcp.fr\/wp-content\/uploads\/2023\/05\/DSCF2417-300x200.jpeg 300w, https:\/\/elcp.fr\/wp-content\/uploads\/2023\/05\/DSCF2417-768x512.jpeg 768w, https:\/\/elcp.fr\/wp-content\/uploads\/2023\/05\/DSCF2417-1536x1024.jpeg 1536w, https:\/\/elcp.fr\/wp-content\/uploads\/2023\/05\/DSCF2417-2048x1365.jpeg 2048w, https:\/\/elcp.fr\/wp-content\/uploads\/2023\/05\/DSCF2417-2000x1333.jpeg 2000w\" sizes=\"auto, (max-width: 1024px) 100vw, 1024px\" \/><\/figure>\n\n\n\n<figure class=\"wp-block-image size-large\"><img loading=\"lazy\" decoding=\"async\" width=\"1024\" height=\"683\" data-id=\"218\" src=\"https:\/\/elcp.fr\/wp-content\/uploads\/2023\/05\/DSCF2230-1024x683.jpeg\" alt=\"\" class=\"wp-image-218\" srcset=\"https:\/\/elcp.fr\/wp-content\/uploads\/2023\/05\/DSCF2230-1024x683.jpeg 1024w, https:\/\/elcp.fr\/wp-content\/uploads\/2023\/05\/DSCF2230-300x200.jpeg 300w, https:\/\/elcp.fr\/wp-content\/uploads\/2023\/05\/DSCF2230-768x512.jpeg 768w, https:\/\/elcp.fr\/wp-content\/uploads\/2023\/05\/DSCF2230-1536x1024.jpeg 1536w, https:\/\/elcp.fr\/wp-content\/uploads\/2023\/05\/DSCF2230-2048x1365.jpeg 2048w, https:\/\/elcp.fr\/wp-content\/uploads\/2023\/05\/DSCF2230-2000x1333.jpeg 2000w\" sizes=\"auto, (max-width: 1024px) 100vw, 1024px\" \/><\/figure>\n\n\n\n<figure class=\"wp-block-image size-large\"><img loading=\"lazy\" decoding=\"async\" width=\"1024\" height=\"683\" data-id=\"219\" src=\"https:\/\/elcp.fr\/wp-content\/uploads\/2023\/05\/DSCF2482-1-1024x683.jpeg\" alt=\"\" class=\"wp-image-219\" srcset=\"https:\/\/elcp.fr\/wp-content\/uploads\/2023\/05\/DSCF2482-1-1024x683.jpeg 1024w, https:\/\/elcp.fr\/wp-content\/uploads\/2023\/05\/DSCF2482-1-300x200.jpeg 300w, https:\/\/elcp.fr\/wp-content\/uploads\/2023\/05\/DSCF2482-1-768x512.jpeg 768w, https:\/\/elcp.fr\/wp-content\/uploads\/2023\/05\/DSCF2482-1-1536x1024.jpeg 1536w, https:\/\/elcp.fr\/wp-content\/uploads\/2023\/05\/DSCF2482-1-2048x1365.jpeg 2048w, https:\/\/elcp.fr\/wp-content\/uploads\/2023\/05\/DSCF2482-1-2000x1333.jpeg 2000w\" sizes=\"auto, (max-width: 1024px) 100vw, 1024px\" \/><\/figure>\n<\/figure>\n","protected":false},"excerpt":{"rendered":"<p>Mardi 25 avril a marqu\u00e9 le lancement des Elus Locaux Contre le Paludisme lors de la journ\u00e9e mondiale de lutte contre le paludisme. L&#8217;occasion de rassembler des experts de la lutte contre cette maladie qui tue encore un enfant par minute, d&#8217;entendre les t\u00e9moignages de membres des diasporas africaines en France. Les \u00e9lus ont partag\u00e9 &hellip; <\/p>\n<p class=\"link-more\"><a href=\"https:\/\/elcp.fr\/index.php\/25-avril-journee-mondiale-de-lutte-contre-le-paludisme\/\" class=\"more-link\">Read more<span class=\"screen-reader-text\"> &#8220;25 avril : journ\u00e9e mondiale de lutte contre le paludisme&#8221;<\/span><\/a><\/p>\n","protected":false},"author":2,"featured_media":0,"parent":0,"menu_order":0,"comment_status":"closed","ping_status":"closed","template":"","meta":{"footnotes":""},"class_list":["post-205","page","type-page","status-publish","hentry"],"_links":{"self":[{"href":"https:\/\/elcp.fr\/index.php\/wp-json\/wp\/v2\/pages\/205","targetHints":{"allow":["GET"]}}],"collection":[{"href":"https:\/\/elcp.fr\/index.php\/wp-json\/wp\/v2\/pages"}],"about":[{"href":"https:\/\/elcp.fr\/index.php\/wp-json\/wp\/v2\/types\/page"}],"author":[{"embeddable":true,"href":"https:\/\/elcp.fr\/index.php\/wp-json\/wp\/v2\/users\/2"}],"replies":[{"embeddable":true,"href":"https:\/\/elcp.fr\/index.php\/wp-json\/wp\/v2\/comments?post=205"}],"version-history":[{"count":5,"href":"https:\/\/elcp.fr\/index.php\/wp-json\/wp\/v2\/pages\/205\/revisions"}],"predecessor-version":[{"id":220,"href":"https:\/\/elcp.fr\/index.php\/wp-json\/wp\/v2\/pages\/205\/revisions\/220"}],"wp:attachment":[{"href":"https:\/\/elcp.fr\/index.php\/wp-json\/wp\/v2\/media?parent=205"}],"curies":[{"name":"wp","href":"https:\/\/api.w.org\/{rel}","templated":true}]}}