{"id":144,"date":"2023-05-04T19:33:55","date_gmt":"2023-05-04T19:33:55","guid":{"rendered":"https:\/\/elcp.fr\/?page_id=144"},"modified":"2024-01-19T18:02:53","modified_gmt":"2024-01-19T18:02:53","slug":"revue-de-presse","status":"publish","type":"page","link":"https:\/\/elcp.fr\/index.php\/revue-de-presse\/","title":{"rendered":"Revue de presse"},"content":{"rendered":"\n<p><strong>Revue de presse<\/strong><\/p>\n\n\n\n<hr class=\"wp-block-separator has-alpha-channel-opacity is-style-wide\"\/>\n\n\n\n<div class=\"wp-block-group is-vertical is-layout-flex wp-container-core-group-is-layout-8cf370e7 wp-block-group-is-layout-flex\">\n<p><strong>Radios<\/strong><\/p>\n\n\n\n<div class=\"wp-block-media-text alignwide is-stacked-on-mobile\" style=\"grid-template-columns:30% auto\"><figure class=\"wp-block-media-text__media\"><img loading=\"lazy\" decoding=\"async\" width=\"150\" height=\"150\" src=\"https:\/\/elcp.fr\/wp-content\/uploads\/2023\/05\/RFI-150x150.png\" alt=\"\" class=\"wp-image-163 size-thumbnail\"\/><\/figure><div class=\"wp-block-media-text__content\">\n<figure class=\"wp-block-audio\"><audio controls src=\"https:\/\/elcp.fr\/wp-content\/uploads\/2023\/05\/REP_MAG_03-05-23_Il_est_temps_d_atteindre_Zero_Palu_les_elus_5_1_2023-17.mp3\"><\/audio><figcaption class=\"wp-element-caption\">RFI MANDENKAN &#8211; \u00e9mission du 03\/05\/2023<\/figcaption><\/figure>\n<\/div><\/div>\n\n\n\n<div class=\"wp-block-media-text alignwide is-stacked-on-mobile\" style=\"grid-template-columns:27% auto\"><figure class=\"wp-block-media-text__media\"><img loading=\"lazy\" decoding=\"async\" width=\"150\" height=\"150\" src=\"https:\/\/elcp.fr\/wp-content\/uploads\/2024\/01\/logo_JbWPVed8Mo.jpeg-150x150.webp\" alt=\"\" class=\"wp-image-288 size-thumbnail\" srcset=\"https:\/\/elcp.fr\/wp-content\/uploads\/2024\/01\/logo_JbWPVed8Mo.jpeg-150x150.webp 150w, https:\/\/elcp.fr\/wp-content\/uploads\/2024\/01\/logo_JbWPVed8Mo.jpeg.webp 300w\" sizes=\"auto, (max-width: 150px) 100vw, 150px\" \/><\/figure><div class=\"wp-block-media-text__content\">\n<figure class=\"wp-block-audio\"><audio controls src=\"https:\/\/elcp.fr\/wp-content\/uploads\/2024\/01\/MAMS_YAFFA___24_11_2023___PAD_WM1_1700811589101.mp3\"><\/audio><figcaption class=\"wp-element-caption\">NADIR DJENNAD &#8211; \u00e9mission du 24\/11\/2023 <\/figcaption><\/figure>\n<\/div><\/div>\n\n\n\n<hr class=\"wp-block-separator has-alpha-channel-opacity is-style-wide\"\/>\n<\/div>\n\n\n\n<hr class=\"wp-block-separator has-alpha-channel-opacity is-style-wide\"\/>\n\n\n\n<p><strong>Television:<\/strong><\/p>\n\n\n\n<p><strong>Office de Radiodiffusion et T\u00e9l\u00e9vision du B\u00e9nin Video:<\/strong> <\/p>\n\n\n\n<figure class=\"wp-block-embed is-type-video is-provider-youtube wp-block-embed-youtube wp-embed-aspect-16-9 wp-has-aspect-ratio\"><div class=\"wp-block-embed__wrapper\">\n<iframe loading=\"lazy\" title=\"Le journal de 20h du 16 Octobre 2023 sur l&#039;ORTB\" width=\"950\" height=\"534\" src=\"https:\/\/www.youtube.com\/embed\/kILH_Lo6Eeo?start=593&#038;feature=oembed\" frameborder=\"0\" allow=\"accelerometer; autoplay; clipboard-write; encrypted-media; gyroscope; picture-in-picture; web-share\" allowfullscreen><\/iframe>\n<\/div><\/figure>\n\n\n\n<hr class=\"wp-block-separator has-alpha-channel-opacity is-style-wide\"\/>\n\n\n\n<p><strong>Presse \u00e9crite<\/strong>:<\/p>\n\n\n\n<p>Site scidev.net: Tribune des ELCP \u201cLe changement climatique pourrait relancer le paludisme en Afrique\u201d <a href=\"https:\/\/www.scidev.net\/afrique-sub-saharienne\/opinions\/le-changement-climatique-pourrait-relancer-le-paludisme-en-afrique\/\">https:\/\/www.scidev.net\/afrique-sub-saharienne\/opinions\/le-changement-climatique-pourrait-relancer-le-paludisme-en-afrique\/<\/a>&nbsp;<\/p>\n","protected":false},"excerpt":{"rendered":"<p>Revue de presse Radios Television: Office de Radiodiffusion et T\u00e9l\u00e9vision du B\u00e9nin Video: Presse \u00e9crite: Site scidev.net: Tribune des ELCP \u201cLe changement climatique pourrait relancer le paludisme en Afrique\u201d https:\/\/www.scidev.net\/afrique-sub-saharienne\/opinions\/le-changement-climatique-pourrait-relancer-le-paludisme-en-afrique\/&nbsp;<\/p>\n","protected":false},"author":2,"featured_media":0,"parent":0,"menu_order":0,"comment_status":"closed","ping_status":"closed","template":"","meta":{"footnotes":""},"class_list":["post-144","page","type-page","status-publish","hentry"],"_links":{"self":[{"href":"https:\/\/elcp.fr\/index.php\/wp-json\/wp\/v2\/pages\/144","targetHints":{"allow":["GET"]}}],"collection":[{"href":"https:\/\/elcp.fr\/index.php\/wp-json\/wp\/v2\/pages"}],"about":[{"href":"https:\/\/elcp.fr\/index.php\/wp-json\/wp\/v2\/types\/page"}],"author":[{"embeddable":true,"href":"https:\/\/elcp.fr\/index.php\/wp-json\/wp\/v2\/users\/2"}],"replies":[{"embeddable":true,"href":"https:\/\/elcp.fr\/index.php\/wp-json\/wp\/v2\/comments?post=144"}],"version-history":[{"count":17,"href":"https:\/\/elcp.fr\/index.php\/wp-json\/wp\/v2\/pages\/144\/revisions"}],"predecessor-version":[{"id":305,"href":"https:\/\/elcp.fr\/index.php\/wp-json\/wp\/v2\/pages\/144\/revisions\/305"}],"wp:attachment":[{"href":"https:\/\/elcp.fr\/index.php\/wp-json\/wp\/v2\/media?parent=144"}],"curies":[{"name":"wp","href":"https:\/\/api.w.org\/{rel}","templated":true}]}}

<p><strong>Revue de presse</strong></p>



<hr class="wp-block-separator has-alpha-channel-opacity is-style-wide"/>



<div class="wp-block-group is-vertical is-layout-flex wp-container-core-group-is-layout-8cf370e7 wp-block-group-is-layout-flex">
<p><strong>Radios</strong></p>



<div class="wp-block-media-text alignwide is-stacked-on-mobile" style="grid-template-columns:30% auto"><figure class="wp-block-media-text__media"><img loading="lazy" decoding="async" width="150" height="150" src="https://elcp.fr/wp-content/uploads/2023/05/RFI-150x150.png" alt="" class="wp-image-163 size-thumbnail"/></figure><div class="wp-block-media-text__content">
<figure class="wp-block-audio"><audio controls src="https://elcp.fr/wp-content/uploads/2023/05/REP_MAG_03-05-23_Il_est_temps_d_atteindre_Zero_Palu_les_elus_5_1_2023-17.mp3"></audio><figcaption class="wp-element-caption">RFI MANDENKAN &#8211; émission du 03/05/2023</figcaption></figure>
</div></div>



<div class="wp-block-media-text alignwide is-stacked-on-mobile" style="grid-template-columns:27% auto"><figure class="wp-block-media-text__media"><img loading="lazy" decoding="async" width="150" height="150" src="https://elcp.fr/wp-content/uploads/2024/01/logo_JbWPVed8Mo.jpeg-150x150.webp" alt="" class="wp-image-288 size-thumbnail" srcset="https://elcp.fr/wp-content/uploads/2024/01/logo_JbWPVed8Mo.jpeg-150x150.webp 150w, https://elcp.fr/wp-content/uploads/2024/01/logo_JbWPVed8Mo.jpeg.webp 300w" sizes="auto, (max-width: 150px) 100vw, 150px" /></figure><div class="wp-block-media-text__content">
<figure class="wp-block-audio"><audio controls src="https://elcp.fr/wp-content/uploads/2024/01/MAMS_YAFFA___24_11_2023___PAD_WM1_1700811589101.mp3"></audio><figcaption class="wp-element-caption">NADIR DJENNAD &#8211; émission du 24/11/2023 </figcaption></figure>
</div></div>



<hr class="wp-block-separator has-alpha-channel-opacity is-style-wide"/>
</div>



<hr class="wp-block-separator has-alpha-channel-opacity is-style-wide"/>



<p><strong>Television:</strong></p>



<p><strong>Office de Radiodiffusion et Télévision du Bénin Video:</strong> </p>



<figure class="wp-block-embed is-type-video is-provider-youtube wp-block-embed-youtube wp-embed-aspect-16-9 wp-has-aspect-ratio"><div class="wp-block-embed__wrapper">
<iframe loading="lazy" title="Le journal de 20h du 16 Octobre 2023 sur l&#039;ORTB" width="950" height="534" src="https://www.youtube.com/embed/kILH_Lo6Eeo?start=593&#038;feature=oembed" frameborder="0" allow="accelerometer; autoplay; clipboard-write; encrypted-media; gyroscope; picture-in-picture; web-share" allowfullscreen></iframe>
</div></figure>



<hr class="wp-block-separator has-alpha-channel-opacity is-style-wide"/>



<p><strong>Presse écrite</strong>:</p>



<p>Site scidev.net: Tribune des ELCP “Le changement climatique pourrait relancer le paludisme en Afrique” <a href="https://www.scidev.net/afrique-sub-saharienne/opinions/le-changement-climatique-pourrait-relancer-le-paludisme-en-afrique/">https://www.scidev.net/afrique-sub-saharienne/opinions/le-changement-climatique-pourrait-relancer-le-paludisme-en-afrique/</a>&nbsp;</p>

<p>Revue de presse Radios Television: Office de Radiodiffusion et Télévision du Bénin Video: Presse écrite: Site scidev.net: Tribune des ELCP “Le changement climatique pourrait relancer le paludisme en Afrique” https://www.scidev.net/afrique-sub-saharienne/opinions/le-changement-climatique-pourrait-relancer-le-paludisme-en-afrique/&nbsp;</p>
